{"id":8465,"date":"2020-09-21T11:42:48","date_gmt":"2020-09-21T09:42:48","guid":{"rendered":"https:\/\/saintaubindesbois.fr\/?page_id=8465"},"modified":"2025-01-27T10:23:04","modified_gmt":"2025-01-27T09:23:04","slug":"vos-contacts-essentiels","status":"publish","type":"page","link":"https:\/\/saintaubindesbois.fr\/index.php\/vos-contacts-essentiels\/","title":{"rendered":"Vos contacts essentiels<!-- wp:image {\"id\":1622,\"width\":245,\"height\":201,\"sizeSlug\":\"large\"} --> <figure class=\"wp-block-image size-large is-resized\"><img src=\"http:\/\/saintaubindesbois.fr\/wp-content\/uploads\/2020\/06\/numeros-urgence.jpg\" alt=\"\" class=\"wp-image-1622\" width=\"245\" height=\"201\"\/><\/figure> <!-- wp:thethemefoundry\/happyforms {\"id\":\"2557\"} \/-->"},"content":{"rendered":"\n<p class=\"has-cyan-bluish-gray-background-color has-background\"><strong>MAIRIE<\/strong><\/p>\n\n\n\n<figure class=\"wp-block-table is-style-stripes\"><table class=\"has-fixed-layout\"><tbody><tr><td><strong>Secr\u00e9tariat mairie<\/strong> :<br>Mme B\u00e9atrice Fouanon<br>Mme Maurenard Sylvie<\/td><td>T\u00e9l : \ud83d\udcde <strong>02 37 32 98 72<\/strong><br>Fax : \ud83d\udce0 02 37 32 89 30<br>E-mail : \ud83d\udce7 <a rel=\"noreferrer noopener\" href=\"mailto:mairie@saintaubindesbois.fr\" target=\"_blank\">mairie@saintaubindesbois.fr<\/a><br>site www.saintaubindesbois.fr<\/td><\/tr><tr><td><strong>Permanences <\/strong>:<br>\u2022lundi de 17h00 \u00e0 19h00<br>\u2022mardi de 9h30 \u00e0 11h30<br>\u2022jeudi de 17h00 \u00e0 19h00<br>\u2022vendredi de 15h30 \u00e0 17h30<\/td><td>Monsieur le maire peut vous recevoir sur rendez-vous.<br>Vous pouvez \u00e9galement joindre les adjoints (se renseigner aupr\u00e8s du secr\u00e9tariat de mairie).<\/td><\/tr><\/tbody><\/table><\/figure>\n\n\n\n<p class=\"has-cyan-bluish-gray-background-color has-background\"><strong>SCOLARITE<\/strong> <strong>(SIRP)<\/strong><\/p>\n\n\n\n<figure class=\"wp-block-table is-style-stripes\"><table class=\"has-fixed-layout\"><tbody><tr><td>&#8211; <strong>Saint-Aubin des Bois<\/strong> (\u00e9l\u00e9mentaire)<\/td><td>\u00e9l : \ud83d\udcde <strong>02 37 32 96 90<\/strong><br>E-mail : \ud83d\udce7 <a rel=\"noreferrer noopener\" href=\"mailto:ec-elem-saint-aubin-des-bois-28@ac-orleans-tours.fr\" target=\"_blank\">ec-elem-saint-aubin-des-bois-28@ac-orleans-tours.fr<\/a><\/td><\/tr><tr><td>&#8211; <strong>Fontaine la Guyon<\/strong> (primaire)<\/td><td>T\u00e9l : \ud83d\udcde <strong>02 37 22 48 01<\/strong><\/td><\/tr><tr><td><strong>Secr\u00e9tariat du regroupement p\u00e9dagogique<\/strong> :Mairie de Fontaine la Guyon<br>Mme Moreau Muriel<\/td><td>T\u00e9l : \ud83d\udcde <strong>02 34 40 09 08<\/strong><\/td><\/tr><\/tbody><\/table><\/figure>\n\n\n\n<p class=\"has-cyan-bluish-gray-background-color has-background\"><strong>AUTRES PERSONNES<\/strong><\/p>\n\n\n\n<figure class=\"wp-block-table is-style-stripes\"><table class=\"has-fixed-layout\"><tbody><tr><td><strong>Adjoints Techniques Territoriaux<\/strong> :<br>&#8211; Monsieur Patrice Courroux<br>&#8211; Monsieur Pierre GOUET<\/td><td>&#8211; \ud83d\udcf1 <strong>06 16 52 34 31<\/strong><\/td><\/tr><tr><td><strong>Pr\u00eatre<\/strong> du secteur paroissial<br>P\u00e8re Maurice MANWELL,<br>Paroisse La Bonne Nouvelle en Val de l&rsquo;Eure,<br>2 rue Saint Nicolas, 28190 Courville sur Eure<\/td><td>T\u00e9l : \ud83d\udcde <strong>02 37 23 21 27<\/strong><\/td><\/tr><\/tbody><\/table><\/figure>\n\n\n\n<p class=\"has-cyan-bluish-gray-background-color has-background\"><strong>URGENCES<\/strong><\/p>\n\n\n\n<figure class=\"wp-block-table is-style-stripes\"><table class=\"has-fixed-layout\"><tbody><tr><td><strong>Gendarmerie<\/strong> :<br>2A rue du Mar\u00e9chal Juin, 28190 Courville-sur-Eure<\/td><td>T\u00e9l : \ud83d\udcde <strong>02 37 23 89 41<\/strong><br>(ou composer le <strong>17<\/strong>)<\/td><\/tr><tr><td><strong>SAMU<\/strong> :<\/td><td>T\u00e9l : \ud83d\udcde Composer le <strong>15<\/strong><\/td><\/tr><tr><td><strong>Centre<\/strong> <strong>anti-poisons<\/strong> :<\/td><td>T\u00e9l : \ud83d\udcde <strong>02 41 48 21 21<\/strong><\/td><\/tr><tr><td><strong>Enfance en danger <\/strong>:<br>(Service National d&rsquo;Accueil T\u00e9l\u00e9phonique de l&rsquo;Enfance en Danger SNATED)<\/td><td>T\u00e9l : \ud83d\udcde Composer le <strong>119<\/strong><\/td><\/tr><tr><td><strong>Personnes victimes de violences<\/strong> :<\/td><td>T\u00e9l : \ud83d\udcde Composer le <strong>3919<\/strong><\/td><\/tr><tr><td><strong>Pompiers<\/strong> :<\/td><td>T\u00e9l : \ud83d\udcde Composer le <strong>18<\/strong> ou le <strong>112<\/strong><\/td><\/tr><tr><td><strong>Drogues info service<\/strong> :<\/td><td>T\u00e9l : \ud83d\udcde <strong>0800 23 13 13<\/strong><\/td><\/tr><tr><td><strong>Alcooliques anonymes<\/strong> :<\/td><td>T\u00e9l : \ud83d\udcde <strong>09 69 39 40 20<\/strong><\/td><\/tr><tr><td><strong>Sida Info Service<\/strong> :<\/td><td>T\u00e9l : \ud83d\udcde <strong>0800 840 800<\/strong><\/td><\/tr><tr><td><strong>CMeau <\/strong>:<\/td><td>T\u00e9l : \ud83d\udcde <strong>02 34 43 90 22<\/strong><\/td><\/tr><tr><td><strong>Synelva <\/strong>:<br>(Urgence d\u00e9pannage \u00e9lectricit\u00e9)<\/td><td>T\u00e9l : \ud83d\udcde <strong>02 37 91 80 20<\/strong><\/td><\/tr><\/tbody><\/table><\/figure>\n\n\n\n<p><strong>Un d\u00e9fibrillateur est install\u00e9 sur le mur \u00e0 gauche de la porte d&rsquo;entr\u00e9e de la mairie<\/strong><\/p>\n\n\n\n<p class=\"has-cyan-bluish-gray-background-color has-background\"><strong>CHARTRES METROPOLE<\/strong><\/p>\n\n\n\n<figure class=\"wp-block-table is-style-stripes\"><table class=\"has-fixed-layout\"><tbody><tr><td><strong>Infos Chartres M\u00e9tropole<\/strong> :<br>Chartres M\u00e9tropole, H\u00f4tel de ville,<br>Place des Halles,<br>2800 Chartres<\/td><td>T\u00e9l : \ud83d\udcde <strong>02 37 91 35 20<\/strong><br><\/td><\/tr><tr><td><strong>Chartres M\u00e9tropole<\/strong> :<br>Pour implanter une entreprise, s\u2019agrandir ou reprendre un commerce ou autre<\/td><td>T\u00e9l : \u260e\ufe0f <strong>08 00 08 00 28<\/strong><\/td><\/tr><\/tbody><\/table><\/figure>\n\n\n\n<p class=\"has-cyan-bluish-gray-background-color has-background\"><strong>HOPITAUX et CLINIQUES (Chartres et environs)<\/strong><\/p>\n\n\n\n<figure class=\"wp-block-table is-style-stripes\"><table class=\"has-fixed-layout\"><tbody><tr><td>&#8211; <strong>H\u00f4pital Louis Pasteur<\/strong> :<br>4 rue Claude Bernard,<br>29630 Le Coudray<\/td><td>T\u00e9l : \ud83d\udcde <strong>02 37 30 30 30<\/strong><\/td><\/tr><tr><td>&#8211; <strong>Centre hospitalier public<\/strong> <strong>Henri-Ey<\/strong> :<br>(unit\u00e9 psychiatrique)<br>1, chemin des Venelles<br>28630 Le Coudray<\/td><td>T\u00e9l : \ud83d\udcde <strong>02 37 88 75 00<\/strong><\/td><\/tr><tr><td>&#8211; <strong>Clinique Notre Dame du Bon Secours<\/strong> :<br>(consultations)<br>9 bis rue Croix Jumelin,<br>28000 Chartres<\/td><td>T\u00e9l : \ud83d\udcde <strong>02 37 20 15 15<\/strong><\/td><\/tr><tr><td>&#8211; <strong>Korian Parc de Gasville<\/strong> :<br>Clinique cardiologique<br>Chemin D\u00e9partemental 136,<br>28300 Gasville-Oiseme<\/td><td>T\u00e9l : \ud83d\udcde <strong>02 37 33 41 00<\/strong><\/td><\/tr><tr><td>&#8211; <strong>H\u00f4pital priv\u00e9 d&rsquo;Eure et Loir ELSAN<\/strong> :<br>(ancienne clinique Saint Fran\u00e7ois)<br>2 rue Roland Buthier,<br>28300 Mainvilliers<\/td><td>T\u00e9l : \ud83d\udcde <strong>02 37 18 41 00<\/strong><\/td><\/tr><tr><td>&#8211; <strong>Maison M\u00e9dicale de garde<\/strong> :<br>4 rue Claude Bernard,<br>28630 Le Coudray<\/td><td>T\u00e9l : \ud83d\udcde <strong>02 37 30 30 30<\/strong><\/td><\/tr><tr><td><strong>Aide \u00e0 Domicile en Milieu Rural (ADMR)<\/strong> :<br>&#8211; 4 bis place de la r\u00e9publique,<br>28190 Saint-Georges-sur-Eure<\/td><td>T\u00e9l : \ud83d\udcde <strong>02 37 26 80 49<\/strong><\/td><\/tr><\/tbody><\/table><\/figure>\n\n\n\n<p class=\"has-cyan-bluish-gray-background-color has-background\"><strong>TRANSPORTS<\/strong><\/p>\n\n\n\n<figure class=\"wp-block-table is-style-stripes\"><table class=\"has-fixed-layout\"><tbody><tr><td><strong>R\u00e9mi<\/strong> Centre Val de Loire:<br>(R\u00e9seau de Mobilit\u00e9 Interurbaine)<br>10 place Pierre S\u00e9mard,<br>28000 CHARTRES<\/td><td>T\u00e9l : \u260e\ufe0f <strong>0809 10 00 75<\/strong><br>(service gratuit + prix appel)<br><a rel=\"noreferrer noopener\" href=\"http:\/\/www.remi-centrevaldeloire.fr\/\" target=\"_blank\">www.remi-centrevaldeloire.fr<\/a><\/td><\/tr><tr><td><strong>SNCF<\/strong> :<br>8 place Pierre S\u00e9mard,<br>28000 Chartres<br>Gare de Saint-Aubin &#8211; Saint-Luperce : les horaires sont disponibles sur Internet<\/td><td>T\u00e9l : \ud83d\udcde <strong>02 37 36 25 40<\/strong><br><a rel=\"noreferrer noopener\" href=\"http:\/\/www.sncf.com\/\" target=\"_blank\">www.sncf.com<\/a><\/td><\/tr><tr><td><strong>Filibus \u00e0 la demande<\/strong> :<br>R\u00e9servations<br>(prospectus en mairie)<\/td><td>T\u00e9l : \u260e\ufe0f <strong>0825 30 28 00<\/strong><br>de 09h00 \u00e0 17h00<\/td><\/tr><tr><td><strong>Transport scolaire<\/strong> :<br>Carte jeunes (r\u00e9serv\u00e9e aux scolaires et \u00e9tudiants) : 10\u20ac pour l\u2019ann\u00e9e<\/td><td>T\u00e9l : \ud83d\udcde <strong>02 37 91 35 20<\/strong><\/td><\/tr><\/tbody><\/table><\/figure>\n\n\n\n<p class=\"has-cyan-bluish-gray-background-color has-background\"><strong>ASSISTANTES MATERNELLES<\/strong><\/p>\n\n\n\n<figure class=\"wp-block-table is-style-stripes\"><table class=\"has-fixed-layout\"><tbody><tr><td><br>Madame Agn\u00e8s BOULAY<br>14 rue du Point du Jour, Chazay,<br>28300 Saint-Aubin des Bois<\/td><td>T\u00e9l : \ud83d\udcde <strong>06 23 53 16 79<\/strong><\/td><\/tr><tr><td>Madame Ouerdia DERMOUCHE<br>18 rue du Point du Jour, Chazay<br>28300 Saint-Aubin-des-Bois<\/td><td>T\u00e9l : \ud83d\udcde <strong>06 51 40 48 07<\/strong><\/td><\/tr><\/tbody><\/table><\/figure>\n\n\n\n<div class=\"wp-block-group is-vertical is-layout-flex wp-container-core-group-is-layout-8cf370e7 wp-block-group-is-layout-flex\">\n<div class=\"wp-block-group is-vertical is-layout-flex wp-container-core-group-is-layout-68afab4e wp-block-group-is-layout-flex\">\n<p style=\"font-size:16px\">Madame Jennifer VAN MUYLDERS                          Tel :  <strong>06 16 25 22 19<\/strong><\/p>\n\n\n\n<p>5 rue Grande Cour, Chazay<\/p>\n\n\n\n<div class=\"wp-block-group is-vertical is-layout-flex wp-container-core-group-is-layout-8cf370e7 wp-block-group-is-layout-flex\">\n<p style=\"font-size:16px\">28300 Saint Aubin des Bois<\/p>\n\n\n\n<p><\/p>\n\n\n\n<p>Madame Audrey FEZARD                                               Tel:  <strong>06 65 53 34 56<\/strong><\/p>\n\n\n\n<p>4 rue Louis Pasteur<\/p>\n\n\n\n<p>28300 Saint Aubin des Bois<\/p>\n<\/div>\n<\/div>\n<\/div>\n\n\n\n<p class=\"has-cyan-bluish-gray-background-color has-background\"><strong>AUTRES INFORMATIONS<\/strong><\/p>\n\n\n\n<figure class=\"wp-block-table is-style-stripes\"><table class=\"has-fixed-layout\"><tbody><tr><td><strong>Eau potable et assainissement<\/strong> :<\/td><td>T\u00e9l : \ud83d\udcde <strong>02 37 91 35 20<\/strong><\/td><\/tr><tr><td><strong>Collecte et traitement des d\u00e9chets<\/strong> :<\/td><td>T\u00e9l : \u260e\ufe0f <strong>08 00 22 20 36<\/strong><\/td><\/tr><tr><td><strong>L&rsquo;Odyss\u00e9e<\/strong>, complexe aquatique et patinoire<\/td><td>T\u00e9l : \ud83d\udcde <strong>02 37 25 33 33<\/strong><\/td><\/tr><tr><td><strong>AVIEL <\/strong>:<br>\u00ab\u00a0aide aux victimes\u00a0\u00bb<\/td><td>T\u00e9l : \ud83d\udcde <strong>02 37 36 50 36<\/strong><\/td><\/tr><tr><td><strong>La maison des entreprises et de l\u2019emploi<\/strong> :<br>Recherche d\u2019un emploi ou envie de changer<\/td><td>T\u00e9l : \ud83d\udcde <strong>02 37 91 43 80<\/strong><\/td><\/tr><tr><td><strong>L&rsquo;ANAH<\/strong> (Agence Nationale de l\u2019Am\u00e9lioration de l\u2019Habitat) :<br>Aide \u00e0 la r\u00e9novation des habitations : aides financi\u00e8res possibles du programme \u00ab\u00a0habiter mieux ou r\u00e9novation de l\u2019habitat\u00a0\u00bb<br>Place de la R\u00e9publique \u00e0 Chartres<\/td><td>T\u00e9l : \ud83d\udcde <strong>02 37 21 43 69<\/strong><\/td><\/tr><tr><td>L\u2019association des <strong>G.O. d&rsquo;Halloween<\/strong><\/td><td>T\u00e9l : \ud83d\udcf1 <strong>06 19 09 67 55<\/strong><\/td><\/tr><tr><td><strong>Entreprises <\/strong>:<\/td><td><em>Voir <a href=\"http:\/\/saintaubindesbois.fr\/index.php\/entreprises\/\">ICI<\/a>.<\/em><\/td><\/tr><\/tbody><\/table><\/figure>\n\n\n\n<div class=\"wp-block-group\"><div class=\"wp-block-group__inner-container is-layout-flow wp-block-group-is-layout-flow\">\n<div class=\"wp-block-group\"><div class=\"wp-block-group__inner-container is-layout-flow wp-block-group-is-layout-flow\">\n<div class=\"wp-block-group\"><div class=\"wp-block-group__inner-container is-layout-flow wp-block-group-is-layout-flow\">\n<div class=\"wp-block-group\"><div class=\"wp-block-group__inner-container is-layout-flow wp-block-group-is-layout-flow\"><\/div><\/div>\n<\/div><\/div>\n<\/div><\/div>\n<\/div><\/div>\n\n\n\n<p><\/p>\n","protected":false},"excerpt":{"rendered":"<p>MAIRIE Secr\u00e9tariat mairie :Mme B\u00e9atrice FouanonMme Maurenard Sylvie T\u00e9l : \ud83d\udcde 02 37 32 98 72Fax : \ud83d\udce0 02 37 32 89 30E-mail : \ud83d\udce7 mairie@saintaubindesbois.frsite www.saintaubindesbois.fr Permanences :\u2022lundi de &hellip; <\/p>\n<p class=\"link-more\"><a href=\"https:\/\/saintaubindesbois.fr\/index.php\/vos-contacts-essentiels\/\" class=\"more-link\">Continuer la lecture<span class=\"screen-reader-text\"> de &laquo;&nbsp;Vos contacts essentiels<!-- wp:image {\"id\":1622,\"width\":245,\"height\":201,\"sizeSlug\":\"large\"} --> <\/p>\n<figure class=\"wp-block-image size-large is-resized\"><img loading=\"lazy\" decoding=\"async\" src=\"http:\/\/saintaubindesbois.fr\/wp-content\/uploads\/2020\/06\/numeros-urgence.jpg\" alt=\"\" class=\"wp-image-1622\" width=\"245\" height=\"201\"\/><\/figure>\n<p> <!-- wp:thethemefoundry\/happyforms {\"id\":\"2557\"} \/-->&nbsp;&raquo;<\/span><\/a><\/p>\n","protected":false},"author":1,"featured_media":0,"parent":0,"menu_order":0,"comment_status":"closed","ping_status":"closed","template":"","meta":{"footnotes":""},"class_list":["post-8465","page","type-page","status-publish","hentry"],"yoast_head":"<!-- This site is optimized with the Yoast SEO plugin v26.6 - https:\/\/yoast.com\/wordpress\/plugins\/seo\/ -->\n<title>Vos contacts essentiels   &#8211; Saint Aubin des Bois<\/title>\n<meta name=\"robots\" content=\"index, follow, max-snippet:-1, max-image-preview:large, max-video-preview:-1\" \/>\n<link rel=\"canonical\" href=\"https:\/\/saintaubindesbois.fr\/index.php\/vos-contacts-essentiels\/\" \/>\n<meta property=\"og:locale\" content=\"fr_FR\" \/>\n<meta property=\"og:type\" content=\"article\" \/>\n<meta property=\"og:title\" content=\"Vos contacts essentiels   &#8211; Saint Aubin des Bois\" \/>\n<meta property=\"og:description\" content=\"MAIRIE Secr\u00e9tariat mairie :Mme B\u00e9atrice FouanonMme Maurenard Sylvie T\u00e9l : \ud83d\udcde 02 37 32 98 72Fax : \ud83d\udce0 02 37 32 89 30E-mail : \ud83d\udce7 mairie@saintaubindesbois.frsite www.saintaubindesbois.fr Permanences :\u2022lundi de &hellip; Continuer la lecture de &laquo;&nbsp;Vos contacts essentiels &nbsp;&raquo;\" \/>\n<meta property=\"og:url\" content=\"https:\/\/saintaubindesbois.fr\/index.php\/vos-contacts-essentiels\/\" \/>\n<meta property=\"og:site_name\" content=\"Saint Aubin des Bois\" \/>\n<meta property=\"article:modified_time\" content=\"2025-01-27T09:23:04+00:00\" \/>\n<meta name=\"twitter:card\" content=\"summary_large_image\" \/>\n<meta name=\"twitter:label1\" content=\"Dur\u00e9e de lecture estim\u00e9e\" \/>\n\t<meta name=\"twitter:data1\" content=\"4 minutes\" \/>\n<script type=\"application\/ld+json\" class=\"yoast-schema-graph\">{\"@context\":\"https:\/\/schema.org\",\"@graph\":[{\"@type\":\"WebPage\",\"@id\":\"https:\/\/saintaubindesbois.fr\/index.php\/vos-contacts-essentiels\/\",\"url\":\"https:\/\/saintaubindesbois.fr\/index.php\/vos-contacts-essentiels\/\",\"name\":\"Vos contacts essentiels &#8211; Saint Aubin des Bois\",\"isPartOf\":{\"@id\":\"https:\/\/saintaubindesbois.fr\/#website\"},\"datePublished\":\"2020-09-21T09:42:48+00:00\",\"dateModified\":\"2025-01-27T09:23:04+00:00\",\"breadcrumb\":{\"@id\":\"https:\/\/saintaubindesbois.fr\/index.php\/vos-contacts-essentiels\/#breadcrumb\"},\"inLanguage\":\"fr-FR\",\"potentialAction\":[{\"@type\":\"ReadAction\",\"target\":[\"https:\/\/saintaubindesbois.fr\/index.php\/vos-contacts-essentiels\/\"]}]},{\"@type\":\"BreadcrumbList\",\"@id\":\"https:\/\/saintaubindesbois.fr\/index.php\/vos-contacts-essentiels\/#breadcrumb\",\"itemListElement\":[{\"@type\":\"ListItem\",\"position\":1,\"name\":\"Accueil\",\"item\":\"https:\/\/saintaubindesbois.fr\/\"},{\"@type\":\"ListItem\",\"position\":2,\"name\":\"Vos contacts essentiels\"}]},{\"@type\":\"WebSite\",\"@id\":\"https:\/\/saintaubindesbois.fr\/#website\",\"url\":\"https:\/\/saintaubindesbois.fr\/\",\"name\":\"Saint Aubin des Bois\",\"description\":\"28300\",\"publisher\":{\"@id\":\"https:\/\/saintaubindesbois.fr\/#organization\"},\"potentialAction\":[{\"@type\":\"SearchAction\",\"target\":{\"@type\":\"EntryPoint\",\"urlTemplate\":\"https:\/\/saintaubindesbois.fr\/?s={search_term_string}\"},\"query-input\":{\"@type\":\"PropertyValueSpecification\",\"valueRequired\":true,\"valueName\":\"search_term_string\"}}],\"inLanguage\":\"fr-FR\"},{\"@type\":\"Organization\",\"@id\":\"https:\/\/saintaubindesbois.fr\/#organization\",\"name\":\"Saint Aubin des Bois\",\"url\":\"https:\/\/saintaubindesbois.fr\/\",\"logo\":{\"@type\":\"ImageObject\",\"inLanguage\":\"fr-FR\",\"@id\":\"https:\/\/saintaubindesbois.fr\/#\/schema\/logo\/image\/\",\"url\":\"https:\/\/saintaubindesbois.fr\/wp-content\/uploads\/2020\/05\/LogoMairie.jpg\",\"contentUrl\":\"https:\/\/saintaubindesbois.fr\/wp-content\/uploads\/2020\/05\/LogoMairie.jpg\",\"width\":128,\"height\":90,\"caption\":\"Saint Aubin des Bois\"},\"image\":{\"@id\":\"https:\/\/saintaubindesbois.fr\/#\/schema\/logo\/image\/\"}}]}<\/script>\n<!-- \/ Yoast SEO plugin. -->","yoast_head_json":{"title":"Vos contacts essentiels   &#8211; Saint Aubin des Bois","robots":{"index":"index","follow":"follow","max-snippet":"max-snippet:-1","max-image-preview":"max-image-preview:large","max-video-preview":"max-video-preview:-1"},"canonical":"https:\/\/saintaubindesbois.fr\/index.php\/vos-contacts-essentiels\/","og_locale":"fr_FR","og_type":"article","og_title":"Vos contacts essentiels   &#8211; Saint Aubin des Bois","og_description":"MAIRIE Secr\u00e9tariat mairie :Mme B\u00e9atrice FouanonMme Maurenard Sylvie T\u00e9l : \ud83d\udcde 02 37 32 98 72Fax : \ud83d\udce0 02 37 32 89 30E-mail : \ud83d\udce7 mairie@saintaubindesbois.frsite www.saintaubindesbois.fr Permanences :\u2022lundi de &hellip; Continuer la lecture de &laquo;&nbsp;Vos contacts essentiels &nbsp;&raquo;","og_url":"https:\/\/saintaubindesbois.fr\/index.php\/vos-contacts-essentiels\/","og_site_name":"Saint Aubin des Bois","article_modified_time":"2025-01-27T09:23:04+00:00","twitter_card":"summary_large_image","twitter_misc":{"Dur\u00e9e de lecture estim\u00e9e":"4 minutes"},"schema":{"@context":"https:\/\/schema.org","@graph":[{"@type":"WebPage","@id":"https:\/\/saintaubindesbois.fr\/index.php\/vos-contacts-essentiels\/","url":"https:\/\/saintaubindesbois.fr\/index.php\/vos-contacts-essentiels\/","name":"Vos contacts essentiels &#8211; Saint Aubin des Bois","isPartOf":{"@id":"https:\/\/saintaubindesbois.fr\/#website"},"datePublished":"2020-09-21T09:42:48+00:00","dateModified":"2025-01-27T09:23:04+00:00","breadcrumb":{"@id":"https:\/\/saintaubindesbois.fr\/index.php\/vos-contacts-essentiels\/#breadcrumb"},"inLanguage":"fr-FR","potentialAction":[{"@type":"ReadAction","target":["https:\/\/saintaubindesbois.fr\/index.php\/vos-contacts-essentiels\/"]}]},{"@type":"BreadcrumbList","@id":"https:\/\/saintaubindesbois.fr\/index.php\/vos-contacts-essentiels\/#breadcrumb","itemListElement":[{"@type":"ListItem","position":1,"name":"Accueil","item":"https:\/\/saintaubindesbois.fr\/"},{"@type":"ListItem","position":2,"name":"Vos contacts essentiels"}]},{"@type":"WebSite","@id":"https:\/\/saintaubindesbois.fr\/#website","url":"https:\/\/saintaubindesbois.fr\/","name":"Saint Aubin des Bois","description":"28300","publisher":{"@id":"https:\/\/saintaubindesbois.fr\/#organization"},"potentialAction":[{"@type":"SearchAction","target":{"@type":"EntryPoint","urlTemplate":"https:\/\/saintaubindesbois.fr\/?s={search_term_string}"},"query-input":{"@type":"PropertyValueSpecification","valueRequired":true,"valueName":"search_term_string"}}],"inLanguage":"fr-FR"},{"@type":"Organization","@id":"https:\/\/saintaubindesbois.fr\/#organization","name":"Saint Aubin des Bois","url":"https:\/\/saintaubindesbois.fr\/","logo":{"@type":"ImageObject","inLanguage":"fr-FR","@id":"https:\/\/saintaubindesbois.fr\/#\/schema\/logo\/image\/","url":"https:\/\/saintaubindesbois.fr\/wp-content\/uploads\/2020\/05\/LogoMairie.jpg","contentUrl":"https:\/\/saintaubindesbois.fr\/wp-content\/uploads\/2020\/05\/LogoMairie.jpg","width":128,"height":90,"caption":"Saint Aubin des Bois"},"image":{"@id":"https:\/\/saintaubindesbois.fr\/#\/schema\/logo\/image\/"}}]}},"_links":{"self":[{"href":"https:\/\/saintaubindesbois.fr\/index.php\/wp-json\/wp\/v2\/pages\/8465","targetHints":{"allow":["GET"]}}],"collection":[{"href":"https:\/\/saintaubindesbois.fr\/index.php\/wp-json\/wp\/v2\/pages"}],"about":[{"href":"https:\/\/saintaubindesbois.fr\/index.php\/wp-json\/wp\/v2\/types\/page"}],"author":[{"embeddable":true,"href":"https:\/\/saintaubindesbois.fr\/index.php\/wp-json\/wp\/v2\/users\/1"}],"replies":[{"embeddable":true,"href":"https:\/\/saintaubindesbois.fr\/index.php\/wp-json\/wp\/v2\/comments?post=8465"}],"version-history":[{"count":26,"href":"https:\/\/saintaubindesbois.fr\/index.php\/wp-json\/wp\/v2\/pages\/8465\/revisions"}],"predecessor-version":[{"id":85785,"href":"https:\/\/saintaubindesbois.fr\/index.php\/wp-json\/wp\/v2\/pages\/8465\/revisions\/85785"}],"wp:attachment":[{"href":"https:\/\/saintaubindesbois.fr\/index.php\/wp-json\/wp\/v2\/media?parent=8465"}],"curies":[{"name":"wp","href":"https:\/\/api.w.org\/{rel}","templated":true}]}}