{"id":83,"date":"2020-05-26T14:22:08","date_gmt":"2020-05-26T12:22:08","guid":{"rendered":"http:\/\/saintaubindesbois.fr\/?page_id=83"},"modified":"2025-01-27T10:53:23","modified_gmt":"2025-01-27T09:53:23","slug":"conseil-municipal","status":"publish","type":"page","link":"https:\/\/saintaubindesbois.fr\/index.php\/conseil-municipal\/","title":{"rendered":"Le conseil municipal<!-- wp:image {\"id\":2176,\"width\":151,\"height\":107,\"sizeSlug\":\"large\"} --> <figure class=\"wp-block-image size-large is-resized\"><img src=\"http:\/\/saintaubindesbois.fr\/wp-content\/uploads\/2020\/06\/pictogrammeconseilmunicipal.png\" alt=\"\" class=\"wp-image-2176\" width=\"151\" height=\"107\"\/><\/figure> <!-- \/wp:image -->"},"content":{"rendered":"\n<div class=\"wp-block-group\"><div class=\"wp-block-group__inner-container is-layout-flow wp-block-group-is-layout-flow\">\n<div class=\"wp-block-group\"><div class=\"wp-block-group__inner-container is-layout-flow wp-block-group-is-layout-flow\"><\/div><\/div>\n<\/div><\/div>\n\n\n\n<h4 class=\"wp-block-heading\"><\/h4>\n\n\n\n<hr class=\"wp-block-separator has-css-opacity is-style-wide\"\/>\n\n\n\n<h4 class=\"wp-block-heading\">Le maire et ses adjoints :<\/h4>\n\n\n\n<figure class=\"wp-block-image size-large is-resized\"><img loading=\"lazy\" decoding=\"async\" width=\"1024\" height=\"768\" src=\"http:\/\/saintaubindesbois.fr\/wp-content\/uploads\/2020\/06\/P1030811-1024x768.jpg\" alt=\"\" class=\"wp-image-1996\" style=\"width:403px;height:302px\" srcset=\"https:\/\/saintaubindesbois.fr\/wp-content\/uploads\/2020\/06\/P1030811-1024x768.jpg 1024w, https:\/\/saintaubindesbois.fr\/wp-content\/uploads\/2020\/06\/P1030811-300x225.jpg 300w, https:\/\/saintaubindesbois.fr\/wp-content\/uploads\/2020\/06\/P1030811-768x576.jpg 768w, https:\/\/saintaubindesbois.fr\/wp-content\/uploads\/2020\/06\/P1030811-1536x1152.jpg 1536w, https:\/\/saintaubindesbois.fr\/wp-content\/uploads\/2020\/06\/P1030811-2048x1536.jpg 2048w\" sizes=\"auto, (max-width: 706px) 89vw, (max-width: 767px) 82vw, 740px\" \/><\/figure>\n\n\n\n<p>Pr\u00e9sentation des membres de gauche \u00e0 droite :<\/p>\n\n\n\n<ul class=\"wp-block-list\">\n<li>M. Dominique Laigneau (3\u00e8me Adjoint) <\/li>\n\n\n\n<li>Mme Fran\u00e7oise Poulain (4\u00e8me Adjointe)<\/li>\n\n\n\n<li>M. Guy Maurenard (le Maire)<\/li>\n\n\n\n<li>Mme B\u00e9atrix Hallay (2\u00e8me Adjointe)<\/li>\n\n\n\n<li>M. Michel Guesnet (1er Adjoint)<\/li>\n<\/ul>\n\n\n\n<figure class=\"wp-block-gallery has-nested-images columns-4 wp-block-gallery-1 is-layout-flex wp-block-gallery-is-layout-flex\">\n<figure class=\"wp-block-image size-large\"><a href=\"https:\/\/saintaubindesbois.fr\/wp-content\/uploads\/2021\/01\/guy_maurenard_2-1.jpg\"><img loading=\"lazy\" decoding=\"async\" width=\"423\" height=\"540\" data-id=\"67908\" src=\"https:\/\/saintaubindesbois.fr\/wp-content\/uploads\/2021\/01\/guy_maurenard_2-1.jpg\" alt=\"\" class=\"wp-image-67908\" srcset=\"https:\/\/saintaubindesbois.fr\/wp-content\/uploads\/2021\/01\/guy_maurenard_2-1.jpg 423w, https:\/\/saintaubindesbois.fr\/wp-content\/uploads\/2021\/01\/guy_maurenard_2-1-235x300.jpg 235w\" sizes=\"auto, (max-width: 423px) 100vw, 423px\" \/><\/a><figcaption class=\"wp-element-caption\"><sup>Guy Maurenard <\/sup><br><sup>Monsieur le Maire<\/sup><\/figcaption><\/figure>\n\n\n\n<figure class=\"wp-block-image size-large\"><a href=\"https:\/\/saintaubindesbois.fr\/wp-content\/uploads\/2021\/01\/michel_guesnet_2.jpg\"><img loading=\"lazy\" decoding=\"async\" width=\"397\" height=\"504\" data-id=\"67909\" src=\"https:\/\/saintaubindesbois.fr\/wp-content\/uploads\/2021\/01\/michel_guesnet_2.jpg\" alt=\"\" class=\"wp-image-67909\" srcset=\"https:\/\/saintaubindesbois.fr\/wp-content\/uploads\/2021\/01\/michel_guesnet_2.jpg 397w, https:\/\/saintaubindesbois.fr\/wp-content\/uploads\/2021\/01\/michel_guesnet_2-236x300.jpg 236w\" sizes=\"auto, (max-width: 397px) 100vw, 397px\" \/><\/a><figcaption class=\"wp-element-caption\"><sup>Michel Guesnet <\/sup><br><sup>1er Adjoint<\/sup><\/figcaption><\/figure>\n\n\n\n<figure class=\"wp-block-image size-large\"><a href=\"https:\/\/saintaubindesbois.fr\/wp-content\/uploads\/2021\/01\/beatrice_hallay_2.jpg\"><img loading=\"lazy\" decoding=\"async\" width=\"410\" height=\"532\" data-id=\"67911\" src=\"https:\/\/saintaubindesbois.fr\/wp-content\/uploads\/2021\/01\/beatrice_hallay_2.jpg\" alt=\"\" class=\"wp-image-67911\" srcset=\"https:\/\/saintaubindesbois.fr\/wp-content\/uploads\/2021\/01\/beatrice_hallay_2.jpg 410w, https:\/\/saintaubindesbois.fr\/wp-content\/uploads\/2021\/01\/beatrice_hallay_2-231x300.jpg 231w\" sizes=\"auto, (max-width: 410px) 100vw, 410px\" \/><\/a><figcaption class=\"wp-element-caption\"><sup>B\u00e9atrix Hallay<\/sup><br><sup> 2\u00e8me Adjointe<\/sup><\/figcaption><\/figure>\n\n\n\n<figure class=\"wp-block-image size-large\"><a href=\"https:\/\/saintaubindesbois.fr\/wp-content\/uploads\/2021\/01\/dominique-laigneau_2.jpg\"><img loading=\"lazy\" decoding=\"async\" width=\"418\" height=\"533\" data-id=\"67912\" src=\"https:\/\/saintaubindesbois.fr\/wp-content\/uploads\/2021\/01\/dominique-laigneau_2.jpg\" alt=\"\" class=\"wp-image-67912\" srcset=\"https:\/\/saintaubindesbois.fr\/wp-content\/uploads\/2021\/01\/dominique-laigneau_2.jpg 418w, https:\/\/saintaubindesbois.fr\/wp-content\/uploads\/2021\/01\/dominique-laigneau_2-235x300.jpg 235w\" sizes=\"auto, (max-width: 418px) 100vw, 418px\" \/><\/a><figcaption class=\"wp-element-caption\"><sup>Dominique Laigneau <\/sup><br><sup>3\u00e8me Adjoint<\/sup><\/figcaption><\/figure>\n\n\n\n<figure class=\"wp-block-image size-large\"><a href=\"https:\/\/saintaubindesbois.fr\/wp-content\/uploads\/2021\/01\/francoise_poulain_2.jpg\"><img loading=\"lazy\" decoding=\"async\" width=\"509\" height=\"619\" data-id=\"67913\" src=\"https:\/\/saintaubindesbois.fr\/wp-content\/uploads\/2021\/01\/francoise_poulain_2.jpg\" alt=\"\" class=\"wp-image-67913\" srcset=\"https:\/\/saintaubindesbois.fr\/wp-content\/uploads\/2021\/01\/francoise_poulain_2.jpg 509w, https:\/\/saintaubindesbois.fr\/wp-content\/uploads\/2021\/01\/francoise_poulain_2-247x300.jpg 247w\" sizes=\"auto, (max-width: 509px) 100vw, 509px\" \/><\/a><figcaption class=\"wp-element-caption\"><sup>Fran\u00e7oise Poulain <\/sup><br><sup>4\u00e8me Adjointe<\/sup><\/figcaption><\/figure>\n\n\n\n<figure class=\"wp-block-image size-large\"><a href=\"https:\/\/saintaubindesbois.fr\/wp-content\/uploads\/2020\/08\/IMG_20200717_082451.jpg\"><img loading=\"lazy\" decoding=\"async\" width=\"777\" height=\"1024\" data-id=\"4495\" src=\"https:\/\/saintaubindesbois.fr\/wp-content\/uploads\/2020\/08\/IMG_20200717_082451-777x1024.jpg\" alt=\"\" class=\"wp-image-4495\" srcset=\"https:\/\/saintaubindesbois.fr\/wp-content\/uploads\/2020\/08\/IMG_20200717_082451-777x1024.jpg 777w, https:\/\/saintaubindesbois.fr\/wp-content\/uploads\/2020\/08\/IMG_20200717_082451-228x300.jpg 228w, https:\/\/saintaubindesbois.fr\/wp-content\/uploads\/2020\/08\/IMG_20200717_082451-768x1012.jpg 768w, https:\/\/saintaubindesbois.fr\/wp-content\/uploads\/2020\/08\/IMG_20200717_082451-1165x1536.jpg 1165w, https:\/\/saintaubindesbois.fr\/wp-content\/uploads\/2020\/08\/IMG_20200717_082451-1554x2048.jpg 1554w, https:\/\/saintaubindesbois.fr\/wp-content\/uploads\/2020\/08\/IMG_20200717_082451.jpg 1560w\" sizes=\"auto, (max-width: 706px) 89vw, (max-width: 767px) 82vw, 740px\" \/><\/a><figcaption class=\"wp-element-caption\"><sup>\u00c9velyne Trocherie <\/sup><br><sup>Conseill\u00e8re<\/sup><\/figcaption><\/figure>\n\n\n\n<figure class=\"wp-block-image size-large\"><a href=\"https:\/\/saintaubindesbois.fr\/wp-content\/uploads\/2021\/01\/thierry_mommessin_2.jpg\"><img loading=\"lazy\" decoding=\"async\" width=\"410\" height=\"531\" data-id=\"67914\" src=\"https:\/\/saintaubindesbois.fr\/wp-content\/uploads\/2021\/01\/thierry_mommessin_2.jpg\" alt=\"\" class=\"wp-image-67914\" srcset=\"https:\/\/saintaubindesbois.fr\/wp-content\/uploads\/2021\/01\/thierry_mommessin_2.jpg 410w, https:\/\/saintaubindesbois.fr\/wp-content\/uploads\/2021\/01\/thierry_mommessin_2-232x300.jpg 232w\" sizes=\"auto, (max-width: 410px) 100vw, 410px\" \/><\/a><figcaption class=\"wp-element-caption\"><sup>Thierry Mommessin <\/sup><br><sup>Conseiller<\/sup><\/figcaption><\/figure>\n\n\n\n<figure class=\"wp-block-image size-large\"><a href=\"https:\/\/saintaubindesbois.fr\/wp-content\/uploads\/2021\/01\/sylvain_tricheux_2.jpg\"><img loading=\"lazy\" decoding=\"async\" width=\"410\" height=\"540\" data-id=\"67915\" src=\"https:\/\/saintaubindesbois.fr\/wp-content\/uploads\/2021\/01\/sylvain_tricheux_2.jpg\" alt=\"\" class=\"wp-image-67915\" srcset=\"https:\/\/saintaubindesbois.fr\/wp-content\/uploads\/2021\/01\/sylvain_tricheux_2.jpg 410w, https:\/\/saintaubindesbois.fr\/wp-content\/uploads\/2021\/01\/sylvain_tricheux_2-228x300.jpg 228w\" sizes=\"auto, (max-width: 410px) 100vw, 410px\" \/><\/a><figcaption class=\"wp-element-caption\"><sup>Sylvain Tricheux <\/sup><br><sup><em>Conseiller<\/em><\/sup><\/figcaption><\/figure>\n\n\n\n<figure class=\"wp-block-image size-large\"><a href=\"https:\/\/saintaubindesbois.fr\/wp-content\/uploads\/2021\/01\/sophie_piedagniel_2.jpg\"><img loading=\"lazy\" decoding=\"async\" width=\"416\" height=\"535\" data-id=\"67916\" src=\"https:\/\/saintaubindesbois.fr\/wp-content\/uploads\/2021\/01\/sophie_piedagniel_2.jpg\" alt=\"\" class=\"wp-image-67916\" srcset=\"https:\/\/saintaubindesbois.fr\/wp-content\/uploads\/2021\/01\/sophie_piedagniel_2.jpg 416w, https:\/\/saintaubindesbois.fr\/wp-content\/uploads\/2021\/01\/sophie_piedagniel_2-233x300.jpg 233w\" sizes=\"auto, (max-width: 416px) 100vw, 416px\" \/><\/a><figcaption class=\"wp-element-caption\"><sup>Sophie Piedagniel <\/sup><br><sup><em>Conseill\u00e8re<\/em><\/sup><\/figcaption><\/figure>\n\n\n\n<figure class=\"wp-block-image size-large\"><a href=\"https:\/\/saintaubindesbois.fr\/wp-content\/uploads\/2021\/01\/isabelle_bonvallet_2.jpg\"><img loading=\"lazy\" decoding=\"async\" width=\"418\" height=\"530\" data-id=\"67917\" src=\"https:\/\/saintaubindesbois.fr\/wp-content\/uploads\/2021\/01\/isabelle_bonvallet_2.jpg\" alt=\"\" class=\"wp-image-67917\" srcset=\"https:\/\/saintaubindesbois.fr\/wp-content\/uploads\/2021\/01\/isabelle_bonvallet_2.jpg 418w, https:\/\/saintaubindesbois.fr\/wp-content\/uploads\/2021\/01\/isabelle_bonvallet_2-237x300.jpg 237w\" sizes=\"auto, (max-width: 418px) 100vw, 418px\" \/><\/a><figcaption class=\"wp-element-caption\"><sup>Isabelle Bonvallet <\/sup><br><sup><em>Conseill\u00e8re<\/em><\/sup><\/figcaption><\/figure>\n\n\n\n<figure class=\"wp-block-image size-large\"><a href=\"https:\/\/saintaubindesbois.fr\/wp-content\/uploads\/2021\/01\/gregory_leguay_2.jpg\"><img loading=\"lazy\" decoding=\"async\" width=\"407\" height=\"527\" data-id=\"67920\" src=\"https:\/\/saintaubindesbois.fr\/wp-content\/uploads\/2021\/01\/gregory_leguay_2.jpg\" alt=\"\" class=\"wp-image-67920\" srcset=\"https:\/\/saintaubindesbois.fr\/wp-content\/uploads\/2021\/01\/gregory_leguay_2.jpg 407w, https:\/\/saintaubindesbois.fr\/wp-content\/uploads\/2021\/01\/gregory_leguay_2-232x300.jpg 232w\" sizes=\"auto, (max-width: 407px) 100vw, 407px\" \/><\/a><figcaption class=\"wp-element-caption\"><sup>Gr\u00e9gory Leguay <\/sup><br><sup><em>Conseiller<\/em><\/sup><\/figcaption><\/figure>\n\n\n\n<figure class=\"wp-block-image size-large\"><a href=\"https:\/\/saintaubindesbois.fr\/wp-content\/uploads\/2021\/01\/marie-pierre_chatoux_2.jpg\"><img loading=\"lazy\" decoding=\"async\" width=\"410\" height=\"517\" data-id=\"67922\" src=\"https:\/\/saintaubindesbois.fr\/wp-content\/uploads\/2021\/01\/marie-pierre_chatoux_2.jpg\" alt=\"\" class=\"wp-image-67922\" srcset=\"https:\/\/saintaubindesbois.fr\/wp-content\/uploads\/2021\/01\/marie-pierre_chatoux_2.jpg 410w, https:\/\/saintaubindesbois.fr\/wp-content\/uploads\/2021\/01\/marie-pierre_chatoux_2-238x300.jpg 238w\" sizes=\"auto, (max-width: 410px) 100vw, 410px\" \/><\/a><figcaption class=\"wp-element-caption\"><sup>Marie-Pierre Chatoux <\/sup><br><sup><em>Conseill\u00e8re<\/em><\/sup><\/figcaption><\/figure>\n\n\n\n<figure class=\"wp-block-image size-medium\"><a href=\"https:\/\/saintaubindesbois.fr\/wp-content\/uploads\/2021\/01\/chantal_fourmont-letang_2.jpg\"><img loading=\"lazy\" decoding=\"async\" width=\"230\" height=\"300\" data-id=\"67923\" src=\"https:\/\/saintaubindesbois.fr\/wp-content\/uploads\/2021\/01\/chantal_fourmont-letang_2-230x300.jpg\" alt=\"\" class=\"wp-image-67923\" srcset=\"https:\/\/saintaubindesbois.fr\/wp-content\/uploads\/2021\/01\/chantal_fourmont-letang_2-230x300.jpg 230w, https:\/\/saintaubindesbois.fr\/wp-content\/uploads\/2021\/01\/chantal_fourmont-letang_2.jpg 408w\" sizes=\"auto, (max-width: 230px) 100vw, 230px\" \/><\/a><figcaption class=\"wp-element-caption\"><sup>Chantal Fourmont <\/sup><br><sup><em>Conseill\u00e8re<\/em><\/sup><\/figcaption><\/figure>\n\n\n\n<figure class=\"wp-block-image size-medium\"><a href=\"https:\/\/saintaubindesbois.fr\/wp-content\/uploads\/2021\/06\/IMG_2732.jpg\"><img loading=\"lazy\" decoding=\"async\" width=\"204\" height=\"300\" data-id=\"83203\" src=\"https:\/\/saintaubindesbois.fr\/wp-content\/uploads\/2021\/06\/IMG_2732-204x300.jpg\" alt=\"\" class=\"wp-image-83203\" srcset=\"https:\/\/saintaubindesbois.fr\/wp-content\/uploads\/2021\/06\/IMG_2732-204x300.jpg 204w, https:\/\/saintaubindesbois.fr\/wp-content\/uploads\/2021\/06\/IMG_2732.jpg 218w\" sizes=\"auto, (max-width: 204px) 100vw, 204px\" \/><\/a><figcaption class=\"wp-element-caption\">Daphn\u00e9e Bottin<br>Conseill\u00e8re<\/figcaption><\/figure>\n<\/figure>\n\n\n\n<hr class=\"wp-block-separator has-css-opacity is-style-wide\"\/>\n\n\n\n<hr class=\"wp-block-separator has-css-opacity is-style-wide\"\/>\n\n\n\n<h4 class=\"wp-block-heading\">* La liste des membres du Conseil Municipal  (par ordre hi\u00e9rarchique) :<\/h4>\n\n\n\n<figure class=\"wp-block-table is-style-stripes\"><table><thead><tr><th class=\"has-text-align-left\" data-align=\"left\">Membre<\/th><th class=\"has-text-align-left\" data-align=\"left\">R\u00f4le<\/th><\/tr><\/thead><tbody><tr><td class=\"has-text-align-left\" data-align=\"left\">M. Guy Maurenard<\/td><td class=\"has-text-align-left\" data-align=\"left\">Maire<\/td><\/tr><tr><td class=\"has-text-align-left\" data-align=\"left\">M. Michel Guesnet<\/td><td class=\"has-text-align-left\" data-align=\"left\">1er Adjoint<\/td><\/tr><tr><td class=\"has-text-align-left\" data-align=\"left\">Mme B\u00e9atrix Hallay<\/td><td class=\"has-text-align-left\" data-align=\"left\">2\u00e8me Adjointe<\/td><\/tr><tr><td class=\"has-text-align-left\" data-align=\"left\">M. Dominique Laigneau<\/td><td class=\"has-text-align-left\" data-align=\"left\">3\u00e8me Adjoint<\/td><\/tr><tr><td class=\"has-text-align-left\" data-align=\"left\">Mme Fran\u00e7oise Poulain<\/td><td class=\"has-text-align-left\" data-align=\"left\">4\u00e8me Adjointe<\/td><\/tr><tr><td class=\"has-text-align-left\" data-align=\"left\">Mme Chantal Fourmont<\/td><td class=\"has-text-align-left\" data-align=\"left\">Conseill\u00e8re Municipale<\/td><\/tr><tr><td class=\"has-text-align-left\" data-align=\"left\">Mme Daphn\u00e9e Bottin<\/td><td class=\"has-text-align-left\" data-align=\"left\">Conseill\u00e8re Municipale<\/td><\/tr><tr><td class=\"has-text-align-left\" data-align=\"left\">M. Marie-Pierre Chatoux<\/td><td class=\"has-text-align-left\" data-align=\"left\">Conseill\u00e8re Municipale<\/td><\/tr><tr><td class=\"has-text-align-left\" data-align=\"left\">M. Sylvain Tricheux<\/td><td class=\"has-text-align-left\" data-align=\"left\">Conseiller Municipal<\/td><\/tr><tr><td class=\"has-text-align-left\" data-align=\"left\">Mme \u00c9velyne Trocherie<\/td><td class=\"has-text-align-left\" data-align=\"left\">Conseill\u00e8re Municipale<\/td><\/tr><tr><td class=\"has-text-align-left\" data-align=\"left\"><\/td><td class=\"has-text-align-left\" data-align=\"left\"><\/td><\/tr><tr><td class=\"has-text-align-left\" data-align=\"left\">Mme Isabelle Bonvallet<\/td><td class=\"has-text-align-left\" data-align=\"left\">Conseill\u00e8re Municipale<\/td><\/tr><tr><td class=\"has-text-align-left\" data-align=\"left\">M. Gr\u00e9gory Leguay<\/td><td class=\"has-text-align-left\" data-align=\"left\">Conseiller Municipal<\/td><\/tr><tr><td class=\"has-text-align-left\" data-align=\"left\">Mme Sophie Piedagniel<\/td><td class=\"has-text-align-left\" data-align=\"left\">Conseill\u00e8re Municipale<\/td><\/tr><tr><td class=\"has-text-align-left\" data-align=\"left\">M. Thierry Mommessin<\/td><td class=\"has-text-align-left\" data-align=\"left\">Conseiller Municipal<\/td><\/tr><\/tbody><\/table><figcaption class=\"wp-element-caption\">  <\/figcaption><\/figure>\n\n\n\n<p>Suppl\u00e9ant \u00e9lu : M. Fr\u00e9d\u00e9ric Renard<\/p>\n\n\n\n<hr class=\"wp-block-separator has-css-opacity is-style-wide\"\/>\n\n\n\n<p>Cliquez <a href=\"http:\/\/saintaubindesbois.fr\/index.php\/archives-conseil-municipal\/\">ICI<\/a> pour consulter les archives des comptes rendus des conseils municipaux.<\/p>\n\n\n\n<hr class=\"wp-block-separator has-css-opacity is-style-dots\"\/>\n\n\n\n<p><\/p>\n","protected":false},"excerpt":{"rendered":"<p>Le maire et ses adjoints : Pr\u00e9sentation des membres de gauche \u00e0 droite : * La liste des membres du Conseil Municipal (par ordre hi\u00e9rarchique) : Membre R\u00f4le M. Guy &hellip; <\/p>\n<p class=\"link-more\"><a href=\"https:\/\/saintaubindesbois.fr\/index.php\/conseil-municipal\/\" class=\"more-link\">Continuer la lecture<span class=\"screen-reader-text\"> de &laquo;&nbsp;Le conseil municipal<!-- wp:image {\"id\":2176,\"width\":151,\"height\":107,\"sizeSlug\":\"large\"} --> <\/p>\n<figure class=\"wp-block-image size-large is-resized\"><img loading=\"lazy\" decoding=\"async\" src=\"http:\/\/saintaubindesbois.fr\/wp-content\/uploads\/2020\/06\/pictogrammeconseilmunicipal.png\" alt=\"\" class=\"wp-image-2176\" width=\"151\" height=\"107\"\/><\/figure>\n<p> <!-- \/wp:image -->&nbsp;&raquo;<\/span><\/a><\/p>\n","protected":false},"author":1,"featured_media":0,"parent":0,"menu_order":0,"comment_status":"closed","ping_status":"closed","template":"","meta":{"footnotes":""},"class_list":["post-83","page","type-page","status-publish","hentry"],"yoast_head":"<!-- This site is optimized with the Yoast SEO plugin v26.6 - https:\/\/yoast.com\/wordpress\/plugins\/seo\/ -->\n<title>Le conseil municipal   &#8211; Saint Aubin des Bois<\/title>\n<meta name=\"robots\" content=\"index, follow, max-snippet:-1, max-image-preview:large, max-video-preview:-1\" \/>\n<link rel=\"canonical\" href=\"https:\/\/saintaubindesbois.fr\/index.php\/conseil-municipal\/\" \/>\n<meta property=\"og:locale\" content=\"fr_FR\" \/>\n<meta property=\"og:type\" content=\"article\" \/>\n<meta property=\"og:title\" content=\"Le conseil municipal   &#8211; Saint Aubin des Bois\" \/>\n<meta property=\"og:description\" content=\"Le maire et ses adjoints : Pr\u00e9sentation des membres de gauche \u00e0 droite : * La liste des membres du Conseil Municipal (par ordre hi\u00e9rarchique) : Membre R\u00f4le M. Guy &hellip; Continuer la lecture de &laquo;&nbsp;Le conseil municipal &nbsp;&raquo;\" \/>\n<meta property=\"og:url\" content=\"https:\/\/saintaubindesbois.fr\/index.php\/conseil-municipal\/\" \/>\n<meta property=\"og:site_name\" content=\"Saint Aubin des Bois\" \/>\n<meta property=\"article:modified_time\" content=\"2025-01-27T09:53:23+00:00\" \/>\n<meta property=\"og:image\" content=\"https:\/\/saintaubindesbois.fr\/wp-content\/uploads\/2020\/06\/P1030811-scaled.jpg\" \/>\n\t<meta property=\"og:image:width\" content=\"2560\" \/>\n\t<meta property=\"og:image:height\" content=\"1920\" \/>\n\t<meta property=\"og:image:type\" content=\"image\/jpeg\" \/>\n<meta name=\"twitter:card\" content=\"summary_large_image\" \/>\n<meta name=\"twitter:label1\" content=\"Dur\u00e9e de lecture estim\u00e9e\" \/>\n\t<meta name=\"twitter:data1\" content=\"4 minutes\" \/>\n<script type=\"application\/ld+json\" class=\"yoast-schema-graph\">{\"@context\":\"https:\/\/schema.org\",\"@graph\":[{\"@type\":\"WebPage\",\"@id\":\"https:\/\/saintaubindesbois.fr\/index.php\/conseil-municipal\/\",\"url\":\"https:\/\/saintaubindesbois.fr\/index.php\/conseil-municipal\/\",\"name\":\"Le conseil municipal &#8211; Saint Aubin des Bois\",\"isPartOf\":{\"@id\":\"https:\/\/saintaubindesbois.fr\/#website\"},\"primaryImageOfPage\":{\"@id\":\"https:\/\/saintaubindesbois.fr\/index.php\/conseil-municipal\/#primaryimage\"},\"image\":{\"@id\":\"https:\/\/saintaubindesbois.fr\/index.php\/conseil-municipal\/#primaryimage\"},\"thumbnailUrl\":\"http:\/\/saintaubindesbois.fr\/wp-content\/uploads\/2020\/06\/P1030811-1024x768.jpg\",\"datePublished\":\"2020-05-26T12:22:08+00:00\",\"dateModified\":\"2025-01-27T09:53:23+00:00\",\"breadcrumb\":{\"@id\":\"https:\/\/saintaubindesbois.fr\/index.php\/conseil-municipal\/#breadcrumb\"},\"inLanguage\":\"fr-FR\",\"potentialAction\":[{\"@type\":\"ReadAction\",\"target\":[\"https:\/\/saintaubindesbois.fr\/index.php\/conseil-municipal\/\"]}]},{\"@type\":\"ImageObject\",\"inLanguage\":\"fr-FR\",\"@id\":\"https:\/\/saintaubindesbois.fr\/index.php\/conseil-municipal\/#primaryimage\",\"url\":\"http:\/\/saintaubindesbois.fr\/wp-content\/uploads\/2020\/06\/P1030811-1024x768.jpg\",\"contentUrl\":\"http:\/\/saintaubindesbois.fr\/wp-content\/uploads\/2020\/06\/P1030811-1024x768.jpg\"},{\"@type\":\"BreadcrumbList\",\"@id\":\"https:\/\/saintaubindesbois.fr\/index.php\/conseil-municipal\/#breadcrumb\",\"itemListElement\":[{\"@type\":\"ListItem\",\"position\":1,\"name\":\"Accueil\",\"item\":\"https:\/\/saintaubindesbois.fr\/\"},{\"@type\":\"ListItem\",\"position\":2,\"name\":\"Le conseil municipal\"}]},{\"@type\":\"WebSite\",\"@id\":\"https:\/\/saintaubindesbois.fr\/#website\",\"url\":\"https:\/\/saintaubindesbois.fr\/\",\"name\":\"Saint Aubin des Bois\",\"description\":\"28300\",\"publisher\":{\"@id\":\"https:\/\/saintaubindesbois.fr\/#organization\"},\"potentialAction\":[{\"@type\":\"SearchAction\",\"target\":{\"@type\":\"EntryPoint\",\"urlTemplate\":\"https:\/\/saintaubindesbois.fr\/?s={search_term_string}\"},\"query-input\":{\"@type\":\"PropertyValueSpecification\",\"valueRequired\":true,\"valueName\":\"search_term_string\"}}],\"inLanguage\":\"fr-FR\"},{\"@type\":\"Organization\",\"@id\":\"https:\/\/saintaubindesbois.fr\/#organization\",\"name\":\"Saint Aubin des Bois\",\"url\":\"https:\/\/saintaubindesbois.fr\/\",\"logo\":{\"@type\":\"ImageObject\",\"inLanguage\":\"fr-FR\",\"@id\":\"https:\/\/saintaubindesbois.fr\/#\/schema\/logo\/image\/\",\"url\":\"https:\/\/saintaubindesbois.fr\/wp-content\/uploads\/2020\/05\/LogoMairie.jpg\",\"contentUrl\":\"https:\/\/saintaubindesbois.fr\/wp-content\/uploads\/2020\/05\/LogoMairie.jpg\",\"width\":128,\"height\":90,\"caption\":\"Saint Aubin des Bois\"},\"image\":{\"@id\":\"https:\/\/saintaubindesbois.fr\/#\/schema\/logo\/image\/\"}}]}<\/script>\n<!-- \/ Yoast SEO plugin. -->","yoast_head_json":{"title":"Le conseil municipal   &#8211; Saint Aubin des Bois","robots":{"index":"index","follow":"follow","max-snippet":"max-snippet:-1","max-image-preview":"max-image-preview:large","max-video-preview":"max-video-preview:-1"},"canonical":"https:\/\/saintaubindesbois.fr\/index.php\/conseil-municipal\/","og_locale":"fr_FR","og_type":"article","og_title":"Le conseil municipal   &#8211; Saint Aubin des Bois","og_description":"Le maire et ses adjoints : Pr\u00e9sentation des membres de gauche \u00e0 droite : * La liste des membres du Conseil Municipal (par ordre hi\u00e9rarchique) : Membre R\u00f4le M. Guy &hellip; Continuer la lecture de &laquo;&nbsp;Le conseil municipal &nbsp;&raquo;","og_url":"https:\/\/saintaubindesbois.fr\/index.php\/conseil-municipal\/","og_site_name":"Saint Aubin des Bois","article_modified_time":"2025-01-27T09:53:23+00:00","og_image":[{"width":2560,"height":1920,"url":"https:\/\/saintaubindesbois.fr\/wp-content\/uploads\/2020\/06\/P1030811-scaled.jpg","type":"image\/jpeg"}],"twitter_card":"summary_large_image","twitter_misc":{"Dur\u00e9e de lecture estim\u00e9e":"4 minutes"},"schema":{"@context":"https:\/\/schema.org","@graph":[{"@type":"WebPage","@id":"https:\/\/saintaubindesbois.fr\/index.php\/conseil-municipal\/","url":"https:\/\/saintaubindesbois.fr\/index.php\/conseil-municipal\/","name":"Le conseil municipal &#8211; Saint Aubin des Bois","isPartOf":{"@id":"https:\/\/saintaubindesbois.fr\/#website"},"primaryImageOfPage":{"@id":"https:\/\/saintaubindesbois.fr\/index.php\/conseil-municipal\/#primaryimage"},"image":{"@id":"https:\/\/saintaubindesbois.fr\/index.php\/conseil-municipal\/#primaryimage"},"thumbnailUrl":"http:\/\/saintaubindesbois.fr\/wp-content\/uploads\/2020\/06\/P1030811-1024x768.jpg","datePublished":"2020-05-26T12:22:08+00:00","dateModified":"2025-01-27T09:53:23+00:00","breadcrumb":{"@id":"https:\/\/saintaubindesbois.fr\/index.php\/conseil-municipal\/#breadcrumb"},"inLanguage":"fr-FR","potentialAction":[{"@type":"ReadAction","target":["https:\/\/saintaubindesbois.fr\/index.php\/conseil-municipal\/"]}]},{"@type":"ImageObject","inLanguage":"fr-FR","@id":"https:\/\/saintaubindesbois.fr\/index.php\/conseil-municipal\/#primaryimage","url":"http:\/\/saintaubindesbois.fr\/wp-content\/uploads\/2020\/06\/P1030811-1024x768.jpg","contentUrl":"http:\/\/saintaubindesbois.fr\/wp-content\/uploads\/2020\/06\/P1030811-1024x768.jpg"},{"@type":"BreadcrumbList","@id":"https:\/\/saintaubindesbois.fr\/index.php\/conseil-municipal\/#breadcrumb","itemListElement":[{"@type":"ListItem","position":1,"name":"Accueil","item":"https:\/\/saintaubindesbois.fr\/"},{"@type":"ListItem","position":2,"name":"Le conseil municipal"}]},{"@type":"WebSite","@id":"https:\/\/saintaubindesbois.fr\/#website","url":"https:\/\/saintaubindesbois.fr\/","name":"Saint Aubin des Bois","description":"28300","publisher":{"@id":"https:\/\/saintaubindesbois.fr\/#organization"},"potentialAction":[{"@type":"SearchAction","target":{"@type":"EntryPoint","urlTemplate":"https:\/\/saintaubindesbois.fr\/?s={search_term_string}"},"query-input":{"@type":"PropertyValueSpecification","valueRequired":true,"valueName":"search_term_string"}}],"inLanguage":"fr-FR"},{"@type":"Organization","@id":"https:\/\/saintaubindesbois.fr\/#organization","name":"Saint Aubin des Bois","url":"https:\/\/saintaubindesbois.fr\/","logo":{"@type":"ImageObject","inLanguage":"fr-FR","@id":"https:\/\/saintaubindesbois.fr\/#\/schema\/logo\/image\/","url":"https:\/\/saintaubindesbois.fr\/wp-content\/uploads\/2020\/05\/LogoMairie.jpg","contentUrl":"https:\/\/saintaubindesbois.fr\/wp-content\/uploads\/2020\/05\/LogoMairie.jpg","width":128,"height":90,"caption":"Saint Aubin des Bois"},"image":{"@id":"https:\/\/saintaubindesbois.fr\/#\/schema\/logo\/image\/"}}]}},"_links":{"self":[{"href":"https:\/\/saintaubindesbois.fr\/index.php\/wp-json\/wp\/v2\/pages\/83","targetHints":{"allow":["GET"]}}],"collection":[{"href":"https:\/\/saintaubindesbois.fr\/index.php\/wp-json\/wp\/v2\/pages"}],"about":[{"href":"https:\/\/saintaubindesbois.fr\/index.php\/wp-json\/wp\/v2\/types\/page"}],"author":[{"embeddable":true,"href":"https:\/\/saintaubindesbois.fr\/index.php\/wp-json\/wp\/v2\/users\/1"}],"replies":[{"embeddable":true,"href":"https:\/\/saintaubindesbois.fr\/index.php\/wp-json\/wp\/v2\/comments?post=83"}],"version-history":[{"count":113,"href":"https:\/\/saintaubindesbois.fr\/index.php\/wp-json\/wp\/v2\/pages\/83\/revisions"}],"predecessor-version":[{"id":85791,"href":"https:\/\/saintaubindesbois.fr\/index.php\/wp-json\/wp\/v2\/pages\/83\/revisions\/85791"}],"wp:attachment":[{"href":"https:\/\/saintaubindesbois.fr\/index.php\/wp-json\/wp\/v2\/media?parent=83"}],"curies":[{"name":"wp","href":"https:\/\/api.w.org\/{rel}","templated":true}]}}