{"id":4445,"date":"2020-08-07T15:34:33","date_gmt":"2020-08-07T13:34:33","guid":{"rendered":"http:\/\/saintaubindesbois.fr\/?page_id=4445"},"modified":"2021-11-09T10:40:25","modified_gmt":"2021-11-09T09:40:25","slug":"contact","status":"publish","type":"page","link":"https:\/\/saintaubindesbois.fr\/index.php\/contact\/","title":{"rendered":"Contact<!-- wp:image {\"id\":194,\"sizeSlug\":\"large\"} --> <figure class=\"wp-block-image size-large\"><img src=\"http:\/\/saintaubindesbois.fr\/wp-content\/uploads\/2020\/11\/008-scaled.jpg\" alt=\"\" class=\"wp-image-194\"\/><\/figure> <img src=\"http:\/\/saintaubindesbois.fr\/wp-content\/uploads\/2020\/11\/001-scaled.jpg\" alt=\"\" class=\"wp-image-194\"\/><\/figure><!-- \/wp:image -->["},"content":{"rendered":"\n<p>T\u00e9l\u00e9phone : \ud83d\udcde 02 37 32 98 72 &#8211; Fax : \ud83d\udce0 02 37 32 89 30<\/p>\n\n\n\n<p>Adresse : \ud83d\uddfa\ufe0f 6 rue de la Mairie, 28300 Saint-Aubin des Bois<\/p>\n\n\n\n<p>E-mail : \ud83d\udce7 <a rel=\"noreferrer noopener\" href=\"mailto:mairie@saintaubindesbois.fr\" data-type=\"mailto\" data-id=\"mailto:mairie@saintaubindesbois.fr\" target=\"_blank\">mairie@saintaubindesbois.fr<\/a><\/p>\n\n\n\n<p>Site de la mairie :&nbsp; <i class=\"fas fa-link\"><\/i>&nbsp; <a href=\"http:\/\/www.saintaubindesbois.fr\">www.saintaubindesbois.fr<\/a><\/p>\n\n\n\n<h1 class=\"wp-block-heading\"><strong><span style=\"text-decoration: underline;\">Horaire de Permanence de la mairie<\/span><\/strong>&nbsp;<\/h1>\n\n\n\n<p>\u2022 Lundi de 17h00 \u00e0 19h00 <\/p>\n\n\n\n<p>\u2022 Mardi de 9h30 \u00e0 11h30 <\/p>\n\n\n\n<p>\u2022 Jeudi de 17h00 \u00e0 19h00 <\/p>\n\n\n\n<p>\u2022 Vendredi de 15h30 \u00e0 17h30 <\/p>\n\n\n\n<div style=\"height:66px\" aria-hidden=\"true\" class=\"wp-block-spacer\"><\/div>\n\n\n\n<p><\/p>\n\n\n\n<p><\/p>\n\n\n\n<p><\/p>\n\n\n\n<p><\/p>\n\n\n\n<p><\/p>\n\n\n\n<p><\/p>\n\n\n\n<p>Le Maire, M. Guy MAURENARD, et ses adjoints* re\u00e7oivent sur rendez-vous. Merci de contacter la mairie.<\/p>\n\n\n\n<p>*M. Michel GUESNET (1er Adjoint), Mme B\u00e9atrix HALLAY (2\u00e8me Adjointe), M. Dominique LAIGNEAU (3\u00e8me Adjoint) et Mme Fran\u00e7oise POULAIN (4\u00e8me Adjointe)<\/p>\n\n\n\n<p>Les secr\u00e9taires, Mme B\u00e9atrice FOUANON et Mme Sylvie MAURENARD, vous re\u00e7oivent \u00e0 la mairie.<\/p>\n\n\n\n<p><\/p>\n\n\n\n<p class=\"has-text-align-center\" style=\"font-size:28px\"><strong>NOUS CONTACTER :<\/strong><\/p>\n\n\n<div class=\"frm_forms  with_frm_style frm_style_style-formidable\" id=\"frm_form_2_container\" >\n<form enctype=\"multipart\/form-data\" method=\"post\" class=\"frm-show-form \" id=\"form_nouscontacter\" >\n<div class=\"frm_form_fields \">\n<fieldset>\n<legend class=\"frm_screen_reader\">NOUS CONTACTER<\/legend>\r\n\r\n<div class=\"frm_fields_container\">\n<input type=\"hidden\" name=\"frm_action\" value=\"create\" \/>\n<input type=\"hidden\" name=\"form_id\" value=\"2\" \/>\n<input type=\"hidden\" name=\"frm_hide_fields_2\" id=\"frm_hide_fields_2\" value=\"\" \/>\n<input type=\"hidden\" name=\"form_key\" value=\"nouscontacter\" \/>\n<input type=\"hidden\" name=\"item_meta[0]\" value=\"\" \/>\n<input type=\"hidden\" id=\"frm_submit_entry_2\" name=\"frm_submit_entry_2\" value=\"2b954b7965\" \/><input type=\"hidden\" name=\"_wp_http_referer\" value=\"\/index.php\/wp-json\/wp\/v2\/pages\/4445\" \/><div id=\"frm_field_10_container\" class=\"frm_form_field form-field  frm_required_field frm_top_container frm_half\">\r\n    <label for=\"field_2e6j1\" id=\"field_2e6j1_label\" class=\"frm_primary_label\">\r\n        <span class=\"frm_required\"><\/span>\r\n    <\/label>\r\n    <input type=\"text\" id=\"field_2e6j1\" name=\"item_meta[10]\" value=\"\"  placeholder=\"Nom *\" data-reqmsg=\"Ce champ ne peut pas \u00eatre vide\" aria-required=\"true\" data-invmsg=\"texte est non valide\" aria-invalid=\"false\"  \/>\r\n    \r\n    \r\n<\/div>\n<div id=\"frm_field_11_container\" class=\"frm_form_field form-field  frm_required_field frm_none_container frm_half\">\r\n    <label for=\"field_njh2a\" id=\"field_njh2a_label\" class=\"frm_primary_label\">\r\n        <span class=\"frm_required\"><\/span>\r\n    <\/label>\r\n    <input type=\"text\" id=\"field_njh2a\" name=\"item_meta[11]\" value=\"\"  placeholder=\"Pr\u00e9nom *\" data-reqmsg=\"Ce champ ne peut pas \u00eatre vide\" aria-required=\"true\" data-invmsg=\"texte est non valide\" aria-invalid=\"false\"  \/>\r\n    \r\n    \r\n<\/div>\n<div id=\"frm_field_12_container\" class=\"frm_form_field form-field  frm_required_field frm_none_container frm_half\">\r\n    <label for=\"field_k4hlm\" id=\"field_k4hlm_label\" class=\"frm_primary_label\">\r\n        <span class=\"frm_required\"><\/span>\r\n    <\/label>\r\n    <input type=\"tel\" id=\"field_k4hlm\" name=\"item_meta[12]\" value=\"\"  placeholder=\"T\u00e9l\u00e9phone *\" data-reqmsg=\"Ce champ ne peut pas \u00eatre vide\" aria-required=\"true\" data-invmsg=\"T\u00e9l\u00e9phone est non valide\" aria-invalid=\"false\" pattern=\"((\\+\\d{1,3}(-|.| )?\\(?\\d\\)?(-| |.)?\\d{1,5})|(\\(?\\d{2,6}\\)?))(-|.| )?(\\d{3,4})(-|.| )?(\\d{4})(( x| ext)\\d{1,5}){0,1}$\"  \/>\r\n    \r\n    \r\n<\/div>\n<div id=\"frm_field_13_container\" class=\"frm_form_field form-field  frm_required_field frm_none_container frm_half\">\r\n    <label for=\"field_ibg7l\" id=\"field_ibg7l_label\" class=\"frm_primary_label\">\r\n        <span class=\"frm_required\"><\/span>\r\n    <\/label>\r\n    <input type=\"email\" id=\"field_ibg7l\" name=\"item_meta[13]\" value=\"\"  placeholder=\"Email *\" data-reqmsg=\"Ce champ ne peut pas \u00eatre vide\" aria-required=\"true\" data-invmsg=\"Email est non valide\" aria-invalid=\"false\"  \/>\r\n    \r\n    \r\n<\/div>\n<div id=\"frm_field_15_container\" class=\"frm_form_field form-field  frm_top_container frm12\">\r\n    <label for=\"field_qgkqk\" id=\"field_qgkqk_label\" class=\"frm_primary_label\">\r\n        <span class=\"frm_required\"><\/span>\r\n    <\/label>\r\n    <input type=\"text\" id=\"field_qgkqk\" name=\"item_meta[15]\" value=\"\"  placeholder=\"Sujet\" data-invmsg=\"texte est non valide\" aria-invalid=\"false\"  \/>\r\n    \r\n    \r\n<\/div>\n<div id=\"frm_field_18_container\" class=\"frm_form_field form-field  frm_required_field frm_none_container frm12\">\r\n    <label for=\"field_92g4c\" id=\"field_92g4c_label\" class=\"frm_primary_label\">\r\n        <span class=\"frm_required\"><\/span>\r\n    <\/label>\r\n    <textarea name=\"item_meta[18]\" id=\"field_92g4c\" rows=\"5\"  placeholder=\"Message *\" data-reqmsg=\"Ce champ ne peut pas \u00eatre vide\" aria-required=\"true\" data-invmsg=\"Ce champ est non valide\" aria-invalid=\"false\"  ><\/textarea>\r\n    \r\n    \r\n<\/div>\n<div id=\"frm_field_17_container\" class=\"frm_form_field form-field  frm_top_container frm12\">\r\n    <label for=\"g-recaptcha-response\" id=\"field_xsea6_label\" class=\"frm_primary_label\">\r\n        <span class=\"frm_required\"><\/span>\r\n    <\/label>\r\n    <div  id=\"field_xsea6\" class=\"frm-g-recaptcha\" data-sitekey=\"6Lc9IEsaAAAAAGMk52_RPylJzmrou0XmCkIZ2xxF\" data-size=\"normal\" data-theme=\"light\"><\/div>\r\n    \r\n    \r\n<\/div>\n<div id=\"frm_field_19_container\" class=\"frm_form_field form-field  frm_top_container\">\n    <label for=\"field_jgr4s\" id=\"field_jgr4s_label\" class=\"frm_primary_label\">Email\n        <span class=\"frm_required\"><\/span>\n    <\/label>\n    <input type=\"email\" id=\"field_jgr4s\" name=\"item_meta[19]\" value=\"\"  data-invmsg=\"Email est non valide\" aria-invalid=\"false\"  \/>\n    \n    \n<\/div>\n\t<input type=\"hidden\" name=\"item_key\" value=\"\" \/>\n\t\t\t<div id=\"frm_field_20_container\">\n\t\t\t<label for=\"field_1b9lw\" >\n\t\t\t\tSi vous \u00eates un humain, ne remplissez pas ce champ.\t\t\t<\/label>\n\t\t\t<input  id=\"field_1b9lw\" type=\"text\" class=\"frm_form_field form-field frm_verify\" name=\"item_meta[20]\" value=\"\"  \/>\n\t\t<\/div>\n\t\t<input name=\"frm_state\" type=\"hidden\" value=\"g5iDOWTqvrKyyD2lxsShSn+B4t0gS5TGfzsdVFQmEOg=\" \/><div class=\"frm_submit\">\r\n\r\n<button class=\"frm_button_submit\" type=\"submit\"  >Envoyer <\/button>\r\n\r\n<\/div><\/div>\n<\/fieldset>\n<\/div>\n\n<\/form>\n<\/div>\n","protected":false},"excerpt":{"rendered":"<p>T\u00e9l\u00e9phone : \ud83d\udcde 02 37 32 98 72 &#8211; Fax : \ud83d\udce0 02 37 32 89 30 Adresse : \ud83d\uddfa\ufe0f 6 rue de la Mairie, 28300 Saint-Aubin des Bois E-mail &hellip; <\/p>\n<p class=\"link-more\"><a href=\"https:\/\/saintaubindesbois.fr\/index.php\/contact\/\" class=\"more-link\">Continuer la lecture<span class=\"screen-reader-text\"> de &laquo;&nbsp;Contact<!-- wp:image {\"id\":194,\"sizeSlug\":\"large\"} --> <\/p>\n<figure class=\"wp-block-image size-large\"><img decoding=\"async\" src=\"http:\/\/saintaubindesbois.fr\/wp-content\/uploads\/2020\/11\/008-scaled.jpg\" alt=\"\" class=\"wp-image-194\"\/><\/figure>\n<p> <img decoding=\"async\" src=\"http:\/\/saintaubindesbois.fr\/wp-content\/uploads\/2020\/11\/001-scaled.jpg\" alt=\"\" class=\"wp-image-194\"\/><\/figure>\n<p><!-- \/wp:image -->[&nbsp;&raquo;<\/span><\/a><\/p>\n","protected":false},"author":1,"featured_media":0,"parent":0,"menu_order":0,"comment_status":"closed","ping_status":"closed","template":"","meta":{"footnotes":""},"class_list":["post-4445","page","type-page","status-publish","hentry"],"yoast_head":"<!-- This site is optimized with the Yoast SEO plugin v26.6 - https:\/\/yoast.com\/wordpress\/plugins\/seo\/ -->\n<title>Contact  [ &#8211; Saint Aubin des Bois<\/title>\n<meta name=\"robots\" content=\"index, follow, max-snippet:-1, max-image-preview:large, max-video-preview:-1\" \/>\n<link rel=\"canonical\" href=\"https:\/\/saintaubindesbois.fr\/index.php\/contact\/\" \/>\n<meta property=\"og:locale\" content=\"fr_FR\" \/>\n<meta property=\"og:type\" content=\"article\" \/>\n<meta property=\"og:title\" content=\"Contact  [ &#8211; Saint Aubin des Bois\" \/>\n<meta property=\"og:description\" content=\"T\u00e9l\u00e9phone : \ud83d\udcde 02 37 32 98 72 &#8211; Fax : \ud83d\udce0 02 37 32 89 30 Adresse : \ud83d\uddfa\ufe0f 6 rue de la Mairie, 28300 Saint-Aubin des Bois E-mail &hellip; Continuer la lecture de &laquo;&nbsp;Contact [&nbsp;&raquo;\" \/>\n<meta property=\"og:url\" content=\"https:\/\/saintaubindesbois.fr\/index.php\/contact\/\" \/>\n<meta property=\"og:site_name\" content=\"Saint Aubin des Bois\" \/>\n<meta property=\"article:modified_time\" content=\"2021-11-09T09:40:25+00:00\" \/>\n<meta name=\"twitter:card\" content=\"summary_large_image\" \/>\n<meta name=\"twitter:label1\" content=\"Dur\u00e9e de lecture estim\u00e9e\" \/>\n\t<meta name=\"twitter:data1\" content=\"1 minute\" \/>\n<script type=\"application\/ld+json\" class=\"yoast-schema-graph\">{\"@context\":\"https:\/\/schema.org\",\"@graph\":[{\"@type\":\"WebPage\",\"@id\":\"https:\/\/saintaubindesbois.fr\/index.php\/contact\/\",\"url\":\"https:\/\/saintaubindesbois.fr\/index.php\/contact\/\",\"name\":\"Contact [ &#8211; Saint Aubin des Bois\",\"isPartOf\":{\"@id\":\"https:\/\/saintaubindesbois.fr\/#website\"},\"datePublished\":\"2020-08-07T13:34:33+00:00\",\"dateModified\":\"2021-11-09T09:40:25+00:00\",\"breadcrumb\":{\"@id\":\"https:\/\/saintaubindesbois.fr\/index.php\/contact\/#breadcrumb\"},\"inLanguage\":\"fr-FR\",\"potentialAction\":[{\"@type\":\"ReadAction\",\"target\":[\"https:\/\/saintaubindesbois.fr\/index.php\/contact\/\"]}]},{\"@type\":\"BreadcrumbList\",\"@id\":\"https:\/\/saintaubindesbois.fr\/index.php\/contact\/#breadcrumb\",\"itemListElement\":[{\"@type\":\"ListItem\",\"position\":1,\"name\":\"Accueil\",\"item\":\"https:\/\/saintaubindesbois.fr\/\"},{\"@type\":\"ListItem\",\"position\":2,\"name\":\"Contact [\"}]},{\"@type\":\"WebSite\",\"@id\":\"https:\/\/saintaubindesbois.fr\/#website\",\"url\":\"https:\/\/saintaubindesbois.fr\/\",\"name\":\"Saint Aubin des Bois\",\"description\":\"28300\",\"publisher\":{\"@id\":\"https:\/\/saintaubindesbois.fr\/#organization\"},\"potentialAction\":[{\"@type\":\"SearchAction\",\"target\":{\"@type\":\"EntryPoint\",\"urlTemplate\":\"https:\/\/saintaubindesbois.fr\/?s={search_term_string}\"},\"query-input\":{\"@type\":\"PropertyValueSpecification\",\"valueRequired\":true,\"valueName\":\"search_term_string\"}}],\"inLanguage\":\"fr-FR\"},{\"@type\":\"Organization\",\"@id\":\"https:\/\/saintaubindesbois.fr\/#organization\",\"name\":\"Saint Aubin des Bois\",\"url\":\"https:\/\/saintaubindesbois.fr\/\",\"logo\":{\"@type\":\"ImageObject\",\"inLanguage\":\"fr-FR\",\"@id\":\"https:\/\/saintaubindesbois.fr\/#\/schema\/logo\/image\/\",\"url\":\"https:\/\/saintaubindesbois.fr\/wp-content\/uploads\/2020\/05\/LogoMairie.jpg\",\"contentUrl\":\"https:\/\/saintaubindesbois.fr\/wp-content\/uploads\/2020\/05\/LogoMairie.jpg\",\"width\":128,\"height\":90,\"caption\":\"Saint Aubin des Bois\"},\"image\":{\"@id\":\"https:\/\/saintaubindesbois.fr\/#\/schema\/logo\/image\/\"}}]}<\/script>\n<!-- \/ Yoast SEO plugin. -->","yoast_head_json":{"title":"Contact  [ &#8211; Saint Aubin des Bois","robots":{"index":"index","follow":"follow","max-snippet":"max-snippet:-1","max-image-preview":"max-image-preview:large","max-video-preview":"max-video-preview:-1"},"canonical":"https:\/\/saintaubindesbois.fr\/index.php\/contact\/","og_locale":"fr_FR","og_type":"article","og_title":"Contact  [ &#8211; Saint Aubin des Bois","og_description":"T\u00e9l\u00e9phone : \ud83d\udcde 02 37 32 98 72 &#8211; Fax : \ud83d\udce0 02 37 32 89 30 Adresse : \ud83d\uddfa\ufe0f 6 rue de la Mairie, 28300 Saint-Aubin des Bois E-mail &hellip; Continuer la lecture de &laquo;&nbsp;Contact [&nbsp;&raquo;","og_url":"https:\/\/saintaubindesbois.fr\/index.php\/contact\/","og_site_name":"Saint Aubin des Bois","article_modified_time":"2021-11-09T09:40:25+00:00","twitter_card":"summary_large_image","twitter_misc":{"Dur\u00e9e de lecture estim\u00e9e":"1 minute"},"schema":{"@context":"https:\/\/schema.org","@graph":[{"@type":"WebPage","@id":"https:\/\/saintaubindesbois.fr\/index.php\/contact\/","url":"https:\/\/saintaubindesbois.fr\/index.php\/contact\/","name":"Contact [ &#8211; Saint Aubin des Bois","isPartOf":{"@id":"https:\/\/saintaubindesbois.fr\/#website"},"datePublished":"2020-08-07T13:34:33+00:00","dateModified":"2021-11-09T09:40:25+00:00","breadcrumb":{"@id":"https:\/\/saintaubindesbois.fr\/index.php\/contact\/#breadcrumb"},"inLanguage":"fr-FR","potentialAction":[{"@type":"ReadAction","target":["https:\/\/saintaubindesbois.fr\/index.php\/contact\/"]}]},{"@type":"BreadcrumbList","@id":"https:\/\/saintaubindesbois.fr\/index.php\/contact\/#breadcrumb","itemListElement":[{"@type":"ListItem","position":1,"name":"Accueil","item":"https:\/\/saintaubindesbois.fr\/"},{"@type":"ListItem","position":2,"name":"Contact ["}]},{"@type":"WebSite","@id":"https:\/\/saintaubindesbois.fr\/#website","url":"https:\/\/saintaubindesbois.fr\/","name":"Saint Aubin des Bois","description":"28300","publisher":{"@id":"https:\/\/saintaubindesbois.fr\/#organization"},"potentialAction":[{"@type":"SearchAction","target":{"@type":"EntryPoint","urlTemplate":"https:\/\/saintaubindesbois.fr\/?s={search_term_string}"},"query-input":{"@type":"PropertyValueSpecification","valueRequired":true,"valueName":"search_term_string"}}],"inLanguage":"fr-FR"},{"@type":"Organization","@id":"https:\/\/saintaubindesbois.fr\/#organization","name":"Saint Aubin des Bois","url":"https:\/\/saintaubindesbois.fr\/","logo":{"@type":"ImageObject","inLanguage":"fr-FR","@id":"https:\/\/saintaubindesbois.fr\/#\/schema\/logo\/image\/","url":"https:\/\/saintaubindesbois.fr\/wp-content\/uploads\/2020\/05\/LogoMairie.jpg","contentUrl":"https:\/\/saintaubindesbois.fr\/wp-content\/uploads\/2020\/05\/LogoMairie.jpg","width":128,"height":90,"caption":"Saint Aubin des Bois"},"image":{"@id":"https:\/\/saintaubindesbois.fr\/#\/schema\/logo\/image\/"}}]}},"_links":{"self":[{"href":"https:\/\/saintaubindesbois.fr\/index.php\/wp-json\/wp\/v2\/pages\/4445","targetHints":{"allow":["GET"]}}],"collection":[{"href":"https:\/\/saintaubindesbois.fr\/index.php\/wp-json\/wp\/v2\/pages"}],"about":[{"href":"https:\/\/saintaubindesbois.fr\/index.php\/wp-json\/wp\/v2\/types\/page"}],"author":[{"embeddable":true,"href":"https:\/\/saintaubindesbois.fr\/index.php\/wp-json\/wp\/v2\/users\/1"}],"replies":[{"embeddable":true,"href":"https:\/\/saintaubindesbois.fr\/index.php\/wp-json\/wp\/v2\/comments?post=4445"}],"version-history":[{"count":29,"href":"https:\/\/saintaubindesbois.fr\/index.php\/wp-json\/wp\/v2\/pages\/4445\/revisions"}],"predecessor-version":[{"id":83271,"href":"https:\/\/saintaubindesbois.fr\/index.php\/wp-json\/wp\/v2\/pages\/4445\/revisions\/83271"}],"wp:attachment":[{"href":"https:\/\/saintaubindesbois.fr\/index.php\/wp-json\/wp\/v2\/media?parent=4445"}],"curies":[{"name":"wp","href":"https:\/\/api.w.org\/{rel}","templated":true}]}}