{"id":1054,"date":"2020-06-03T16:20:43","date_gmt":"2020-06-03T14:20:43","guid":{"rendered":"http:\/\/saintaubindesbois.fr\/?page_id=1054"},"modified":"2020-12-02T15:57:03","modified_gmt":"2020-12-02T14:57:03","slug":"liste-travaux-eglise","status":"publish","type":"page","link":"https:\/\/saintaubindesbois.fr\/index.php\/liste-travaux-eglise\/","title":{"rendered":"La liste des travaux effectu\u00e9s pour l&rsquo;\u00e9glise de Saint-Aubin des Bois"},"content":{"rendered":"\n<div class=\"wp-block-media-text alignwide is-stacked-on-mobile\" style=\"grid-template-columns:30% auto\"><figure class=\"wp-block-media-text__media\"><a href=\"http:\/\/saintaubindesbois.fr\/wp-content\/uploads\/2020\/06\/staubineglise.jpg\" target=\"_blank\" rel=\"noopener noreferrer\"><img loading=\"lazy\" decoding=\"async\" width=\"200\" height=\"267\" src=\"http:\/\/saintaubindesbois.fr\/wp-content\/uploads\/2020\/06\/staubineglise.jpg\" alt=\"\" class=\"wp-image-749\"\/><\/a><\/figure><div class=\"wp-block-media-text__content\">\n<p>L&rsquo;\u00e9glise daterait du XIIe si\u00e8cle, avec des modifications au XVIe si\u00e8cle puis au XIXe si\u00e8cle. Elle mesure 36  m\u00e8tres de long et 10 m\u00e8tres de large. Les murs sont en pierre \u00e0 silex, la vo\u00fbte en bois et les boiseries anciennes non sculpt\u00e9es. Le baptist\u00e8re en marbre rouge provient de l&rsquo;\u00e9glise Sainte-Foy de Chartres.<\/p>\n<\/div><\/div>\n\n\n\n<p>Le clocher s&rsquo;\u00e9l\u00e8ve \u00e0 111 pieds soit 30 m\u00e8tres. A l&rsquo;origine, il se situait au milieu du toit de l&rsquo;\u00e9glise au niveau de la petite porte. C&rsquo;est d\u00e8s 1853 qu&rsquo;il fut envisag\u00e9 de le d\u00e9molir \u00e9tant donn\u00e9 son \u00e9tat de v\u00e9tust\u00e9 avanc\u00e9 et de le reconstruire adoss\u00e9 au pignon de l&rsquo;\u00e9glise en face de la  porte d&rsquo;entr\u00e9e, le tout conform\u00e9ment aux plans et devis dress\u00e9s par M. LEBRUN agent voyer cantonal. Ce sera chose faite au d\u00e9but de l&rsquo;ann\u00e9e 1855. La r\u00e9paration de la place o\u00f9 il existait sera r\u00e9alis\u00e9e par M. GUIARD, charpentier \u00e0 Saint-Georges-sur-Eure.<\/p>\n\n\n\n<p>Depuis la loi de s\u00e9paration de l\u2019\u00c9glise et de l\u2019\u00c9tat, en 1905, les \u00e9glises appartiennent aux communes. Ce sont donc elles qui ont la charge de l&rsquo;entretien et de la conservation de ces \u00e9difices. Pour les aider, des pr\u00eats sp\u00e9ciaux sont mis \u00e0 la disposition des communes.<\/p>\n\n\n\n<p>Voici l&rsquo;ensemble des travaux, not\u00e9s dans les registres municipaux, par ordre chronologique, qui ont \u00e9t\u00e9 effectu\u00e9s sur notre \u00e9glise :<\/p>\n\n\n\n<ul class=\"wp-block-list\"><li>4 janvier 1895 : d\u00e9cision du Conseil Municipal de remplacer la cloche qui s&rsquo;est cass\u00e9e par accident. Ce projet s&rsquo;\u00e9l\u00e8ve \u00e0 800 F, d\u00e9pense prise en charge par la Fabrique avec une subvention de la commune, et sa r\u00e9alisation est confi\u00e9e \u00e0 M. Georges BOLL\u00c9E, fondeur \u00e0 Orl\u00e9ans (45).<\/li><\/ul>\n\n\n\n<ul class=\"wp-block-list\"><li>24 f\u00e9vrier 1895 : b\u00e9n\u00e9diction de la nouvelle cloche \u00ab\u00a0<strong>Pauline, Marie, Ang\u00e8le<\/strong>\u00a0\u00bb qui sonne le <strong>SOL<\/strong> et p\u00e8se <strong>520 kg.<\/strong> Elle porte l&rsquo;image de la croix, celle de la Sainte Vierge et celle de Saint Aubin, patron de la paroisse avec cette invocation : \u00ab\u00a0Saint Aubin, prot\u00e9gez les familles chr\u00e9tiennes\u00a0\u00bb.<\/li><\/ul>\n\n\n\n<ul class=\"wp-block-list\"><li>Ao\u00fbt 1895 : d\u00e9cision de substituer \u00e0 la couverture actuelle une couverture en ardoises ; devis demand\u00e9 \u00e0 M. POIRIER, architecte \u00e0 Chartres ; adjudication d\u00e9but 1897 ; d\u00e9compte des travaux 3 825,15 F. Les 24 000 tuiles ainsi r\u00e9cup\u00e9r\u00e9es ne pouvant \u00eatre utilis\u00e9es par la commune seront vendues et le produit de la vente sera employ\u00e9 \u00e0 la r\u00e9paration des murs de l&rsquo;\u00e9glise.<\/li><\/ul>\n\n\n\n<ul class=\"wp-block-list\"><li>1er septembre 1899 : M. le Maire expose que les murs ont besoin de r\u00e9parations urgentes et sont indispensables et ne peuvent subir les d\u00e9lais d&rsquo;une adjudication. Demande est faite au Pr\u00e9fet de faire ex\u00e9cuter ces travaux par voie d&rsquo;\u00e9conomie (ouvriers de la commune).<\/li><\/ul>\n\n\n\n<ul class=\"wp-block-list\"><li>D\u00e9but 1910 : travaux de r\u00e9paration \u00e0 l&rsquo;\u00e9glise.<\/li><\/ul>\n\n\n\n<ul class=\"wp-block-list\"><li>En 1927 : trois vitraux sont pos\u00e9s : <strong>Saint Aubin<\/strong>, <strong>Saint Ambroise<\/strong> et <strong>Notre Dame de Lourdes<\/strong>.<\/li><\/ul>\n\n\n\n<ul class=\"wp-block-list\"><li>F\u00e9vrier 1928 : des r\u00e9parations urgentes ont \u00e9t\u00e9 faites au clocher et au presbyt\u00e8re.<\/li><\/ul>\n\n\n\n<ul class=\"wp-block-list\"><li>19 juillet 1931 : Monsieur le Maire expose que la vo\u00fbte en bois de l&rsquo;\u00e9glise constitu\u00e9e par des planches ou bardeaux est en mauvais \u00e9tat, pourrie par grandes parties ou vermoulue et que son remplacement est n\u00e9cessaire. Devis dress\u00e9 par M. GUITTET, architecte \u00e0 Chartres (43 000 F).<\/li><\/ul>\n\n\n\n<ul class=\"wp-block-list\"><li>16 juillet 1932 : M. le Maire expose que le clocher de l&rsquo;\u00e9glise est en tr\u00e8s mauvais \u00e9tat, que chaque ann\u00e9e les frais occasionn\u00e9s par les r\u00e9parations sont assez \u00e9lev\u00e9s et qu&rsquo;il serait plus avantageux pour la commune de faire proc\u00e9der \u00e0 la r\u00e9fection de la couverture. Devis demand\u00e9 \u00e0 M. GUITTET, architecte \u00e0 Chartres. Co\u00fbt 18 500 F. Installation du coq (le coq a \u00e9t\u00e9 fa\u00e7onn\u00e9 par M. Paul LENORMAND, chaudronnier \u00e0 Orl\u00e9ans).<\/li><\/ul>\n\n\n\n<ul class=\"wp-block-list\"><li>8 mars 1966 : le Conseil Municipal d\u00e9cide de faire recouvrir le toit de l&rsquo;\u00e9glise qui est en tr\u00e8s mauvais \u00e9tat, c\u00f4t\u00e9 Nord ; devis demand\u00e9 \u00e0 M. SOULIER, architecte \u00e0 Chartres, (17 000 F). Travaux effectu\u00e9s par l&rsquo;entreprise COUPEAU.<\/li><\/ul>\n\n\n\n<ul class=\"wp-block-list\"><li>Novembre 1966 : r\u00e9fection d&rsquo;une fen\u00eatre de l&rsquo;\u00e9glise qui \u00e9tait en tr\u00e8s mauvais \u00e9tat vu ses verres cass\u00e9s et les montants totalement vermoulus. Travail r\u00e9alis\u00e9 par M. MILLOUS, verrier \u00e0 Chartres.<\/li><\/ul>\n\n\n\n<ul class=\"wp-block-list\"><li>Juillet 1970 : r\u00e9fection des vitraux en mauvais \u00e9tat (en particulier deux sur quatre). Travail effectu\u00e9 par M. MILLOUS. Co\u00fbt 5 400 F pour les quatre vitraux.<\/li><\/ul>\n\n\n\n<ul class=\"wp-block-list\"><li>Mars 1979 : \u00e0 la demande de M. le cur\u00e9, le Conseil Municipal d\u00e9cide de refaire l&rsquo;installation \u00e9lectrique v\u00e9tuste. Devis demand\u00e9 \u00e0 M. L\u00c9BERON. D&rsquo;autre part le Conseil d\u00e9cide de prendre \u00e0 sa charge les frais de consommation \u00e9lectrique de l&rsquo;\u00e9glise.<\/li><\/ul>\n\n\n\n<ul class=\"wp-block-list\"><li>F\u00e9vrier 1980 : paratonnerre sur l&rsquo;\u00e9glise.<\/li><\/ul>\n\n\n\n<ul class=\"wp-block-list\"><li>Mars 1980 : M. COUPEAU est charg\u00e9 de remettre en \u00e9tat la toiture de l&rsquo;\u00e9glise. Co\u00fbt 4 345,73 F.<\/li><\/ul>\n\n\n\n<ul class=\"wp-block-list\"><li>Avril 1981 : Acceptation du devis de M. RIVOAL pour repeindre le portail en bois fonc\u00e9 et la croix en vieux bronze. Co\u00fbt 2 848,15 F.<\/li><\/ul>\n\n\n\n<ul class=\"wp-block-list\"><li>Juin 1982 : Lettre de monsieur le cur\u00e9 signalant des fuites d&rsquo;eau dans la toiture. Il est demand\u00e9 \u00e0 l&rsquo;entreprise COUPEAU de venir faire le travail n\u00e9cessaire. En outre il sera demand\u00e9 un devis pour une r\u00e9fection plus compl\u00e8te.<\/li><\/ul>\n\n\n\n<ul class=\"wp-block-list\"><li>Septembre 1982 : le Conseil sursoit \u00e0 la d\u00e9cision de refaire la toiture sud. Les travaux de mise hors d&rsquo;eau seront toutefois effectu\u00e9s.<\/li><\/ul>\n\n\n\n<ul class=\"wp-block-list\"><li>Octobre 1982 : Le Conseil d\u00e9cide qu&rsquo;il soit demand\u00e9 un devis pour la r\u00e9fection de la toiture sud de l&rsquo;\u00e9glise.<\/li><\/ul>\n\n\n\n<ul class=\"wp-block-list\"><li>F\u00e9vrier 1984 : Le Conseil d\u00e9cide de refaire la toiture sud de l&rsquo;\u00e9glise et de r\u00e9parer le clocher suite aux d\u00e9g\u00e2ts caus\u00e9s par la temp\u00eate et aggrav\u00e9s par les nombreuses infiltrations d&rsquo;eau de pluie en plusieurs endroits, y compris le changement de la zinguerie. Le travail sera r\u00e9alis\u00e9 par l&rsquo;entreprise DEBRESSCHERE. Ces travaux ont \u00e9t\u00e9 r\u00e9alis\u00e9s gr\u00e2ce \u00e0 un pr\u00eat bonifi\u00e9 \u00e0 taux r\u00e9duit de 5 % sur 10 ans en compl\u00e9ment du remboursement de l&rsquo;assurance.<\/li><\/ul>\n\n\n\n<ul class=\"wp-block-list\"><li>Mai 1984 : Le Conseil Municipal d\u00e9cide le principe de la r\u00e9fection d&rsquo;une partie du cr\u00e9pi de l&rsquo;\u00e9glise et demande \u00e0 M. L\u00c9BERON un devis pour l&rsquo;\u00e9clairage de l&rsquo;harmonium.<\/li><\/ul>\n\n\n\n<ul class=\"wp-block-list\"><li>D\u00e9cembre 1985 : Le Conseil met \u00e0 l&rsquo;\u00e9tude la possibilit\u00e9 d&rsquo;\u00e9lectrification de la cloche.<\/li><\/ul>\n\n\n\n<ul class=\"wp-block-list\"><li>Septembre 1986 : Le Conseil Municipal adopte le devis de travaux de ma\u00e7onnerie sur l&rsquo;\u00e9glise pr\u00e9sent\u00e9 par M. CHEVALIER. Ces travaux seront financ\u00e9s en partie gr\u00e2ce au concert r\u00e9alis\u00e9 b\u00e9n\u00e9volement par les Chrysalides (Chorale).<\/li><\/ul>\n\n\n\n<ul class=\"wp-block-list\"><li>1987 : r\u00e9cup\u00e9ration et \u00e9vacuation des eaux de la toiture c\u00f4t\u00e9 nord par les employ\u00e9s communaux.<\/li><\/ul>\n\n\n\n<ul class=\"wp-block-list\"><li>1991 : r\u00e9paration du clocher par M. LEVACHER, couvreur de Thivars (28).<\/li><\/ul>\n\n\n\n<ul class=\"wp-block-list\"><li>1996 : d\u00e9cision du conseil municipal de r\u00e9aliser la restauration compl\u00e8te int\u00e9rieure et ext\u00e9rieure de l&rsquo;\u00e9glise pour raisons de s\u00e9curit\u00e9 (chutes de pierres \u00e0 la base du clocher et enduits ext\u00e9rieurs tombant par plaques) ; juin 1997 : d\u00e9but des travaux et mai 1998 inauguration. (co\u00fbt total = 1,3 millions de francs HT dont subventions : le d\u00e9partement a vers\u00e9 158 000 F (fonds d\u00e9partemental de p\u00e9r\u00e9quation), la r\u00e9gion Centre a vers\u00e9 75 000 F et l\u2019\u00c9tat 259 000 F, la commune a contract\u00e9 un pr\u00eat CAPACA de 900 000 F \u00e0 1 %). Architecte : M. Fran\u00e7ois S\u00c9MICHON.<\/li><\/ul>\n\n\n\n<ul class=\"wp-block-list\"><li>29 mars 2001 : la foudre s&rsquo;abat sur le clocher de l&rsquo;\u00e9glise. Bilan : le coq + un pan d&rsquo;ardoise \u00e0 remplacer. La r\u00e9fection de la toiture ainsi que la pose d&rsquo;un paratonnerre seront confi\u00e9es \u00e0 l&rsquo;entreprise LEROY-DURAND (Mainvilliers 28). Co\u00fbt total = 183 544 F.<\/li><\/ul>\n\n\n\n<ul class=\"wp-block-list\"><li>27 septembre 2001 : installation en haut du clocher du nouveau coq en cuivre provenant de \u00ab\u00a0l&rsquo;Atelier des beaux arts\u00a0\u00bb par l&rsquo;entreprise LEROY-DURAND. L&rsquo;ancien coq est conserv\u00e9 \u00e0 la mairie dans la salle du conseil.<\/li><\/ul>\n\n\n\n<figure class=\"wp-block-image size-large is-resized\"><a href=\"http:\/\/saintaubindesbois.fr\/wp-content\/uploads\/2020\/06\/staubineglisecoq.jpg\" target=\"_blank\" rel=\"noopener noreferrer\"><img loading=\"lazy\" decoding=\"async\" src=\"http:\/\/saintaubindesbois.fr\/wp-content\/uploads\/2020\/06\/staubineglisecoq.jpg\" alt=\"\" class=\"wp-image-1059\" width=\"322\" height=\"194\" srcset=\"https:\/\/saintaubindesbois.fr\/wp-content\/uploads\/2020\/06\/staubineglisecoq.jpg 592w, https:\/\/saintaubindesbois.fr\/wp-content\/uploads\/2020\/06\/staubineglisecoq-300x181.jpg 300w\" sizes=\"auto, (max-width: 322px) 100vw, 322px\" \/><\/a><\/figure>\n\n\n\n<div class=\"wp-block-media-text alignwide is-stacked-on-mobile\" style=\"grid-template-columns:22% auto\"><figure class=\"wp-block-media-text__media\"><a href=\"http:\/\/saintaubindesbois.fr\/wp-content\/uploads\/2020\/06\/vitrailstaubineglise.jpg\" target=\"_blank\" rel=\"noopener noreferrer\"><img loading=\"lazy\" decoding=\"async\" width=\"186\" height=\"411\" src=\"http:\/\/saintaubindesbois.fr\/wp-content\/uploads\/2020\/06\/vitrailstaubineglise.jpg\" alt=\"\" class=\"wp-image-829\" srcset=\"https:\/\/saintaubindesbois.fr\/wp-content\/uploads\/2020\/06\/vitrailstaubineglise.jpg 186w, https:\/\/saintaubindesbois.fr\/wp-content\/uploads\/2020\/06\/vitrailstaubineglise-136x300.jpg 136w\" sizes=\"auto, (max-width: 186px) 100vw, 186px\" \/><\/a><\/figure><div class=\"wp-block-media-text__content\">\n<ul class=\"wp-block-list\"><li>19 et 20 avril 2005 : installation d&rsquo;un nouveau vitrail personnalis\u00e9 situ\u00e9 face \u00e0 la petite porte d&rsquo;entr\u00e9e sur le c\u00f4t\u00e9 (don d&rsquo;une famille de la commune), qui sera b\u00e9ni le samedi 23 avril 2005 par le p\u00e8re LEGRAND. Ce vitrail a \u00e9t\u00e9 mis en forme par les ateliers LOIRE de L\u00e8ves (28).<\/li><\/ul>\n\n\n\n<p><em>Cliquez <a href=\"https:\/\/saintaubindesbois.fr\/index.php\/2020\/01\/03\/leglise-de-saint-aubin-et-son-vitrail\/\" target=\"_blank\" rel=\"noreferrer noopener\">ICI<\/a> pour en savoir d&rsquo;avantage sur le vitrail de l&rsquo;\u00e9glise de Saint-Aubin des Bois.<\/em><\/p>\n<\/div><\/div>\n\n\n\n<ul class=\"wp-block-list\"><li>Octobre-novembre 2012 : r\u00e9fection compl\u00e8te de la toiture du clocher suite \u00e0 la chute d&rsquo;ardoises rendant l&rsquo;acc\u00e8s \u00e0 l&rsquo;\u00e9glise par le portail dangereux. Ce sont environ 7 000 ardoises pos\u00e9es, 14 000 clous pour les faire tenir et un \u00e9chafaudage impressionnant.<\/li><\/ul>\n\n\n\n<hr class=\"wp-block-separator is-style-dots\"\/>\n\n\n\n<p>Florence BARR\u00c9<\/p>\n","protected":false},"excerpt":{"rendered":"<p>L&rsquo;\u00e9glise daterait du XIIe si\u00e8cle, avec des modifications au XVIe si\u00e8cle puis au XIXe si\u00e8cle. Elle mesure 36 m\u00e8tres de long et 10 m\u00e8tres de large. Les murs sont en &hellip; <\/p>\n<p class=\"link-more\"><a href=\"https:\/\/saintaubindesbois.fr\/index.php\/liste-travaux-eglise\/\" class=\"more-link\">Continuer la lecture<span class=\"screen-reader-text\"> de &laquo;&nbsp;La liste des travaux effectu\u00e9s pour l&rsquo;\u00e9glise de Saint-Aubin des Bois&nbsp;&raquo;<\/span><\/a><\/p>\n","protected":false},"author":1,"featured_media":0,"parent":0,"menu_order":0,"comment_status":"closed","ping_status":"closed","template":"","meta":{"footnotes":""},"class_list":["post-1054","page","type-page","status-publish","hentry"],"yoast_head":"<!-- This site is optimized with the Yoast SEO plugin v26.6 - https:\/\/yoast.com\/wordpress\/plugins\/seo\/ -->\n<title>La liste des travaux effectu\u00e9s pour l&#039;\u00e9glise de Saint-Aubin des Bois &#8211; Saint Aubin des Bois<\/title>\n<meta name=\"robots\" content=\"index, follow, max-snippet:-1, max-image-preview:large, max-video-preview:-1\" \/>\n<link rel=\"canonical\" href=\"https:\/\/saintaubindesbois.fr\/index.php\/liste-travaux-eglise\/\" \/>\n<meta property=\"og:locale\" content=\"fr_FR\" \/>\n<meta property=\"og:type\" content=\"article\" \/>\n<meta property=\"og:title\" content=\"La liste des travaux effectu\u00e9s pour l&#039;\u00e9glise de Saint-Aubin des Bois &#8211; Saint Aubin des Bois\" \/>\n<meta property=\"og:description\" content=\"L&rsquo;\u00e9glise daterait du XIIe si\u00e8cle, avec des modifications au XVIe si\u00e8cle puis au XIXe si\u00e8cle. Elle mesure 36 m\u00e8tres de long et 10 m\u00e8tres de large. Les murs sont en &hellip; Continuer la lecture de &laquo;&nbsp;La liste des travaux effectu\u00e9s pour l&rsquo;\u00e9glise de Saint-Aubin des Bois&nbsp;&raquo;\" \/>\n<meta property=\"og:url\" content=\"https:\/\/saintaubindesbois.fr\/index.php\/liste-travaux-eglise\/\" \/>\n<meta property=\"og:site_name\" content=\"Saint Aubin des Bois\" \/>\n<meta property=\"article:modified_time\" content=\"2020-12-02T14:57:03+00:00\" \/>\n<meta property=\"og:image\" content=\"http:\/\/saintaubindesbois.fr\/wp-content\/uploads\/2020\/06\/staubineglise.jpg\" \/>\n<meta name=\"twitter:card\" content=\"summary_large_image\" \/>\n<meta name=\"twitter:label1\" content=\"Dur\u00e9e de lecture estim\u00e9e\" \/>\n\t<meta name=\"twitter:data1\" content=\"7 minutes\" \/>\n<script type=\"application\/ld+json\" class=\"yoast-schema-graph\">{\"@context\":\"https:\/\/schema.org\",\"@graph\":[{\"@type\":\"WebPage\",\"@id\":\"https:\/\/saintaubindesbois.fr\/index.php\/liste-travaux-eglise\/\",\"url\":\"https:\/\/saintaubindesbois.fr\/index.php\/liste-travaux-eglise\/\",\"name\":\"La liste des travaux effectu\u00e9s pour l'\u00e9glise de Saint-Aubin des Bois &#8211; Saint Aubin des Bois\",\"isPartOf\":{\"@id\":\"https:\/\/saintaubindesbois.fr\/#website\"},\"primaryImageOfPage\":{\"@id\":\"https:\/\/saintaubindesbois.fr\/index.php\/liste-travaux-eglise\/#primaryimage\"},\"image\":{\"@id\":\"https:\/\/saintaubindesbois.fr\/index.php\/liste-travaux-eglise\/#primaryimage\"},\"thumbnailUrl\":\"http:\/\/saintaubindesbois.fr\/wp-content\/uploads\/2020\/06\/staubineglise.jpg\",\"datePublished\":\"2020-06-03T14:20:43+00:00\",\"dateModified\":\"2020-12-02T14:57:03+00:00\",\"breadcrumb\":{\"@id\":\"https:\/\/saintaubindesbois.fr\/index.php\/liste-travaux-eglise\/#breadcrumb\"},\"inLanguage\":\"fr-FR\",\"potentialAction\":[{\"@type\":\"ReadAction\",\"target\":[\"https:\/\/saintaubindesbois.fr\/index.php\/liste-travaux-eglise\/\"]}]},{\"@type\":\"ImageObject\",\"inLanguage\":\"fr-FR\",\"@id\":\"https:\/\/saintaubindesbois.fr\/index.php\/liste-travaux-eglise\/#primaryimage\",\"url\":\"https:\/\/saintaubindesbois.fr\/wp-content\/uploads\/2020\/06\/staubineglise.jpg\",\"contentUrl\":\"https:\/\/saintaubindesbois.fr\/wp-content\/uploads\/2020\/06\/staubineglise.jpg\",\"width\":200,\"height\":267},{\"@type\":\"BreadcrumbList\",\"@id\":\"https:\/\/saintaubindesbois.fr\/index.php\/liste-travaux-eglise\/#breadcrumb\",\"itemListElement\":[{\"@type\":\"ListItem\",\"position\":1,\"name\":\"Accueil\",\"item\":\"https:\/\/saintaubindesbois.fr\/\"},{\"@type\":\"ListItem\",\"position\":2,\"name\":\"La liste des travaux effectu\u00e9s pour l&rsquo;\u00e9glise de Saint-Aubin des Bois\"}]},{\"@type\":\"WebSite\",\"@id\":\"https:\/\/saintaubindesbois.fr\/#website\",\"url\":\"https:\/\/saintaubindesbois.fr\/\",\"name\":\"Saint Aubin des Bois\",\"description\":\"28300\",\"publisher\":{\"@id\":\"https:\/\/saintaubindesbois.fr\/#organization\"},\"potentialAction\":[{\"@type\":\"SearchAction\",\"target\":{\"@type\":\"EntryPoint\",\"urlTemplate\":\"https:\/\/saintaubindesbois.fr\/?s={search_term_string}\"},\"query-input\":{\"@type\":\"PropertyValueSpecification\",\"valueRequired\":true,\"valueName\":\"search_term_string\"}}],\"inLanguage\":\"fr-FR\"},{\"@type\":\"Organization\",\"@id\":\"https:\/\/saintaubindesbois.fr\/#organization\",\"name\":\"Saint Aubin des Bois\",\"url\":\"https:\/\/saintaubindesbois.fr\/\",\"logo\":{\"@type\":\"ImageObject\",\"inLanguage\":\"fr-FR\",\"@id\":\"https:\/\/saintaubindesbois.fr\/#\/schema\/logo\/image\/\",\"url\":\"https:\/\/saintaubindesbois.fr\/wp-content\/uploads\/2020\/05\/LogoMairie.jpg\",\"contentUrl\":\"https:\/\/saintaubindesbois.fr\/wp-content\/uploads\/2020\/05\/LogoMairie.jpg\",\"width\":128,\"height\":90,\"caption\":\"Saint Aubin des Bois\"},\"image\":{\"@id\":\"https:\/\/saintaubindesbois.fr\/#\/schema\/logo\/image\/\"}}]}<\/script>\n<!-- \/ Yoast SEO plugin. -->","yoast_head_json":{"title":"La liste des travaux effectu\u00e9s pour l'\u00e9glise de Saint-Aubin des Bois &#8211; Saint Aubin des Bois","robots":{"index":"index","follow":"follow","max-snippet":"max-snippet:-1","max-image-preview":"max-image-preview:large","max-video-preview":"max-video-preview:-1"},"canonical":"https:\/\/saintaubindesbois.fr\/index.php\/liste-travaux-eglise\/","og_locale":"fr_FR","og_type":"article","og_title":"La liste des travaux effectu\u00e9s pour l'\u00e9glise de Saint-Aubin des Bois &#8211; Saint Aubin des Bois","og_description":"L&rsquo;\u00e9glise daterait du XIIe si\u00e8cle, avec des modifications au XVIe si\u00e8cle puis au XIXe si\u00e8cle. Elle mesure 36 m\u00e8tres de long et 10 m\u00e8tres de large. Les murs sont en &hellip; Continuer la lecture de &laquo;&nbsp;La liste des travaux effectu\u00e9s pour l&rsquo;\u00e9glise de Saint-Aubin des Bois&nbsp;&raquo;","og_url":"https:\/\/saintaubindesbois.fr\/index.php\/liste-travaux-eglise\/","og_site_name":"Saint Aubin des Bois","article_modified_time":"2020-12-02T14:57:03+00:00","og_image":[{"url":"http:\/\/saintaubindesbois.fr\/wp-content\/uploads\/2020\/06\/staubineglise.jpg","type":"","width":"","height":""}],"twitter_card":"summary_large_image","twitter_misc":{"Dur\u00e9e de lecture estim\u00e9e":"7 minutes"},"schema":{"@context":"https:\/\/schema.org","@graph":[{"@type":"WebPage","@id":"https:\/\/saintaubindesbois.fr\/index.php\/liste-travaux-eglise\/","url":"https:\/\/saintaubindesbois.fr\/index.php\/liste-travaux-eglise\/","name":"La liste des travaux effectu\u00e9s pour l'\u00e9glise de Saint-Aubin des Bois &#8211; Saint Aubin des Bois","isPartOf":{"@id":"https:\/\/saintaubindesbois.fr\/#website"},"primaryImageOfPage":{"@id":"https:\/\/saintaubindesbois.fr\/index.php\/liste-travaux-eglise\/#primaryimage"},"image":{"@id":"https:\/\/saintaubindesbois.fr\/index.php\/liste-travaux-eglise\/#primaryimage"},"thumbnailUrl":"http:\/\/saintaubindesbois.fr\/wp-content\/uploads\/2020\/06\/staubineglise.jpg","datePublished":"2020-06-03T14:20:43+00:00","dateModified":"2020-12-02T14:57:03+00:00","breadcrumb":{"@id":"https:\/\/saintaubindesbois.fr\/index.php\/liste-travaux-eglise\/#breadcrumb"},"inLanguage":"fr-FR","potentialAction":[{"@type":"ReadAction","target":["https:\/\/saintaubindesbois.fr\/index.php\/liste-travaux-eglise\/"]}]},{"@type":"ImageObject","inLanguage":"fr-FR","@id":"https:\/\/saintaubindesbois.fr\/index.php\/liste-travaux-eglise\/#primaryimage","url":"https:\/\/saintaubindesbois.fr\/wp-content\/uploads\/2020\/06\/staubineglise.jpg","contentUrl":"https:\/\/saintaubindesbois.fr\/wp-content\/uploads\/2020\/06\/staubineglise.jpg","width":200,"height":267},{"@type":"BreadcrumbList","@id":"https:\/\/saintaubindesbois.fr\/index.php\/liste-travaux-eglise\/#breadcrumb","itemListElement":[{"@type":"ListItem","position":1,"name":"Accueil","item":"https:\/\/saintaubindesbois.fr\/"},{"@type":"ListItem","position":2,"name":"La liste des travaux effectu\u00e9s pour l&rsquo;\u00e9glise de Saint-Aubin des Bois"}]},{"@type":"WebSite","@id":"https:\/\/saintaubindesbois.fr\/#website","url":"https:\/\/saintaubindesbois.fr\/","name":"Saint Aubin des Bois","description":"28300","publisher":{"@id":"https:\/\/saintaubindesbois.fr\/#organization"},"potentialAction":[{"@type":"SearchAction","target":{"@type":"EntryPoint","urlTemplate":"https:\/\/saintaubindesbois.fr\/?s={search_term_string}"},"query-input":{"@type":"PropertyValueSpecification","valueRequired":true,"valueName":"search_term_string"}}],"inLanguage":"fr-FR"},{"@type":"Organization","@id":"https:\/\/saintaubindesbois.fr\/#organization","name":"Saint Aubin des Bois","url":"https:\/\/saintaubindesbois.fr\/","logo":{"@type":"ImageObject","inLanguage":"fr-FR","@id":"https:\/\/saintaubindesbois.fr\/#\/schema\/logo\/image\/","url":"https:\/\/saintaubindesbois.fr\/wp-content\/uploads\/2020\/05\/LogoMairie.jpg","contentUrl":"https:\/\/saintaubindesbois.fr\/wp-content\/uploads\/2020\/05\/LogoMairie.jpg","width":128,"height":90,"caption":"Saint Aubin des Bois"},"image":{"@id":"https:\/\/saintaubindesbois.fr\/#\/schema\/logo\/image\/"}}]}},"_links":{"self":[{"href":"https:\/\/saintaubindesbois.fr\/index.php\/wp-json\/wp\/v2\/pages\/1054","targetHints":{"allow":["GET"]}}],"collection":[{"href":"https:\/\/saintaubindesbois.fr\/index.php\/wp-json\/wp\/v2\/pages"}],"about":[{"href":"https:\/\/saintaubindesbois.fr\/index.php\/wp-json\/wp\/v2\/types\/page"}],"author":[{"embeddable":true,"href":"https:\/\/saintaubindesbois.fr\/index.php\/wp-json\/wp\/v2\/users\/1"}],"replies":[{"embeddable":true,"href":"https:\/\/saintaubindesbois.fr\/index.php\/wp-json\/wp\/v2\/comments?post=1054"}],"version-history":[{"count":25,"href":"https:\/\/saintaubindesbois.fr\/index.php\/wp-json\/wp\/v2\/pages\/1054\/revisions"}],"predecessor-version":[{"id":32561,"href":"https:\/\/saintaubindesbois.fr\/index.php\/wp-json\/wp\/v2\/pages\/1054\/revisions\/32561"}],"wp:attachment":[{"href":"https:\/\/saintaubindesbois.fr\/index.php\/wp-json\/wp\/v2\/media?parent=1054"}],"curies":[{"name":"wp","href":"https:\/\/api.w.org\/{rel}","templated":true}]}}